Last updated on 2022-07-03 01:49:07 CEST.
Flavor | Version | Tinstall | Tcheck | Ttotal | Status | Flags |
---|---|---|---|---|---|---|
r-devel-linux-x86_64-debian-clang | 0.9.2 | 14.40 | 102.41 | 116.81 | OK | |
r-devel-linux-x86_64-debian-gcc | 0.9.2 | 11.34 | 76.08 | 87.42 | OK | |
r-devel-linux-x86_64-fedora-clang | 0.9.2 | 145.92 | NOTE | |||
r-devel-linux-x86_64-fedora-gcc | 0.9.2 | 143.39 | OK | |||
r-devel-windows-x86_64 | 0.9.2 | 22.00 | 125.00 | 147.00 | OK | |
r-patched-linux-x86_64 | 0.9.2 | 12.98 | 93.84 | 106.82 | OK | |
r-release-linux-x86_64 | 0.9.2 | 11.49 | 94.78 | 106.27 | OK | |
r-release-macos-arm64 | 0.9.2 | 40.00 | OK | |||
r-release-macos-x86_64 | 0.9.2 | 67.00 | OK | |||
r-release-windows-x86_64 | 0.9.2 | 27.00 | 128.00 | 155.00 | OK | |
r-oldrel-macos-arm64 | 0.9.2 | 55.00 | OK | |||
r-oldrel-macos-x86_64 | 0.9.2 | 103.00 | OK | |||
r-oldrel-windows-ix86+x86_64 | 0.9.2 | 31.00 | 121.00 | 152.00 | OK |
Version: 0.9.2
Check: Rd cross-references
Result: NOTE
Undeclared package ‘glmnet’ in Rd xrefs
Flavor: r-devel-linux-x86_64-fedora-clang