CRAN Package Check Results for Package tukeyGH

Last updated on 2022-08-14 01:49:28 CEST.

Flavor Version Tinstall Tcheck Ttotal Status Flags
r-devel-linux-x86_64-debian-clang 1.0.0 2.27 58.96 61.23 OK
r-devel-linux-x86_64-debian-gcc 1.0.0 2.68 45.30 47.98 OK
r-devel-linux-x86_64-fedora-clang 1.0.0 83.18 NOTE
r-devel-linux-x86_64-fedora-gcc 1.0.0 90.75 NOTE
r-devel-windows-x86_64 1.0.0 16.00 85.00 101.00 OK
r-patched-linux-x86_64 1.0.0 2.25 56.83 59.08 OK
r-release-linux-x86_64 1.0.0 2.05 57.68 59.73 OK
r-release-macos-arm64 1.0.0 22.00 NOTE
r-release-macos-x86_64 1.0.0 32.00 NOTE
r-release-windows-x86_64 1.0.0 15.00 89.00 104.00 OK
r-oldrel-macos-arm64 1.0.0 26.00 NOTE
r-oldrel-macos-x86_64 1.0.0 48.00 NOTE
r-oldrel-windows-ix86+x86_64 1.0.0 8.00 82.00 90.00 OK

Additional issues

ATLAS

Check Details

Version: 1.0.0
Check: dependencies in R code
Result: NOTE
    Namespace in Imports field not imported from: ‘Rdpack’
     All declared Imports should be used.
Flavors: r-devel-linux-x86_64-fedora-clang, r-devel-linux-x86_64-fedora-gcc, r-release-macos-arm64, r-release-macos-x86_64, r-oldrel-macos-arm64, r-oldrel-macos-x86_64