Last updated on 2023-06-03 08:05:59 CEST.
Flavor | Version | Tinstall | Tcheck | Ttotal | Status | Flags |
---|---|---|---|---|---|---|
r-devel-linux-x86_64-debian-clang | 1.1.9 | 9.10 | 44.87 | 53.97 | NOTE | |
r-devel-linux-x86_64-debian-gcc | 1.1.9 | 7.14 | 35.25 | 42.39 | NOTE | |
r-devel-linux-x86_64-fedora-clang | 1.1.9 | 69.22 | NOTE | |||
r-devel-linux-x86_64-fedora-gcc | 1.1.9 | 64.49 | NOTE | |||
r-devel-windows-x86_64 | 1.1.9 | 8.00 | 59.00 | 67.00 | NOTE | |
r-patched-linux-x86_64 | 1.1.9 | NOTE | ||||
r-release-linux-x86_64 | 1.1.9 | 7.11 | 42.62 | 49.73 | NOTE | |
r-release-macos-arm64 | 1.1.9 | 29.00 | NOTE | |||
r-release-macos-x86_64 | 1.1.9 | 36.00 | NOTE | |||
r-release-windows-x86_64 | 1.1.9 | 11.00 | 63.00 | 74.00 | NOTE | |
r-oldrel-macos-arm64 | 1.1.9 | 19.00 | NOTE | |||
r-oldrel-macos-x86_64 | 1.1.9 | 31.00 | NOTE | |||
r-oldrel-windows-x86_64 | 1.1.9 | 13.00 | 68.00 | 81.00 | NOTE |
Version: 1.1.9
Check: LazyData
Result: NOTE
'LazyData' is specified without a 'data' directory
Flavors: r-devel-linux-x86_64-debian-clang, r-devel-linux-x86_64-debian-gcc, r-devel-linux-x86_64-fedora-clang, r-devel-linux-x86_64-fedora-gcc, r-devel-windows-x86_64, r-patched-linux-x86_64, r-release-linux-x86_64, r-release-macos-arm64, r-release-macos-x86_64, r-release-windows-x86_64, r-oldrel-macos-arm64, r-oldrel-macos-x86_64, r-oldrel-windows-x86_64