CRAN Package Check Results for Package udpipe

Last updated on 2020-10-28 00:48:13 CET.

Flavor Version Tinstall Tcheck Ttotal Status Flags
r-devel-linux-x86_64-debian-clang 0.8.4-1 151.85 399.35 551.20 OK
r-devel-linux-x86_64-debian-gcc 0.8.4-1 139.49 322.49 461.98 OK
r-devel-linux-x86_64-fedora-clang 0.8.4-1 699.59 NOTE
r-devel-linux-x86_64-fedora-gcc 0.8.4-1 732.40 OK
r-devel-windows-ix86+x86_64 0.8.4-1 319.00 536.00 855.00 NOTE
r-patched-linux-x86_64 0.8.4-1 OK
r-patched-solaris-x86 0.8.4-1 859.20 NOTE
r-release-linux-x86_64 0.8.4-1 168.49 413.00 581.49 OK
r-release-macos-x86_64 0.8.4-1 NOTE
r-release-windows-ix86+x86_64 0.8.4-1 241.00 472.00 713.00 NOTE
r-oldrel-macos-x86_64 0.8.4-1 NOTE
r-oldrel-windows-ix86+x86_64 0.8.4-1 282.00 616.00 898.00 NOTE

Check Details

Version: 0.8.4-1
Check: installed package size
Result: NOTE
     installed size is 32.6Mb
     sub-directories of 1Mb or more:
     doc 5.8Mb
     dummydata 1.4Mb
     libs 23.6Mb
Flavors: r-devel-linux-x86_64-fedora-clang, r-devel-windows-ix86+x86_64, r-patched-solaris-x86, r-release-macos-x86_64, r-release-windows-ix86+x86_64, r-oldrel-macos-x86_64, r-oldrel-windows-ix86+x86_64