Last updated on 2021-04-20 01:47:24 CEST.
Flavor | Version | Tinstall | Tcheck | Ttotal | Status | Flags |
---|---|---|---|---|---|---|
r-devel-linux-x86_64-debian-clang | 0.8.5 | 149.48 | 400.38 | 549.86 | OK | |
r-devel-linux-x86_64-debian-gcc | 0.8.5 | 134.57 | 324.81 | 459.38 | OK | |
r-devel-linux-x86_64-fedora-clang | 0.8.5 | 681.04 | NOTE | |||
r-devel-linux-x86_64-fedora-gcc | 0.8.5 | 772.88 | OK | |||
r-devel-windows-ix86+x86_64 | 0.8.5 | 329.00 | 498.00 | 827.00 | NOTE | |
r-devel-windows-x86_64-gcc10-UCRT | 0.8.5 | OK | ||||
r-patched-linux-x86_64 | 0.8.5 | 148.59 | 412.76 | 561.35 | OK | |
r-patched-solaris-x86 | 0.8.5 | 860.80 | NOTE | |||
r-release-linux-x86_64 | 0.8.5 | 148.97 | 415.97 | 564.94 | OK | |
r-release-macos-x86_64 | 0.8.5 | NOTE | ||||
r-release-windows-ix86+x86_64 | 0.8.5 | 323.00 | 635.00 | 958.00 | NOTE | |
r-oldrel-macos-x86_64 | 0.8.5 | NOTE | ||||
r-oldrel-windows-ix86+x86_64 | 0.8.5 | 228.00 | 627.00 | 855.00 | NOTE |
Version: 0.8.5
Check: installed package size
Result: NOTE
installed size is 28.3Mb
sub-directories of 1Mb or more:
doc 5.8Mb
dummydata 1.4Mb
libs 19.4Mb
Flavors: r-devel-linux-x86_64-fedora-clang, r-devel-windows-ix86+x86_64, r-patched-solaris-x86, r-release-macos-x86_64, r-release-windows-ix86+x86_64, r-oldrel-macos-x86_64, r-oldrel-windows-ix86+x86_64