CRAN Package Check Results for Package ui

Last updated on 2021-09-16 01:49:51 CEST.

Flavor Version Tinstall Tcheck Ttotal Status Flags
r-devel-linux-x86_64-debian-clang 0.1.1 11.23 79.52 90.75 NOTE
r-devel-linux-x86_64-debian-gcc 0.1.1 7.54 59.15 66.69 NOTE
r-devel-linux-x86_64-fedora-clang 0.1.1 114.94 NOTE
r-devel-linux-x86_64-fedora-gcc 0.1.1 102.46 NOTE
r-devel-windows-x86_64 0.1.1 27.00 96.00 123.00 NOTE
r-devel-windows-x86_64-gcc10-UCRT 0.1.1 NOTE
r-patched-linux-x86_64 0.1.1 8.41 76.71 85.12 NOTE
r-patched-solaris-x86 0.1.1 145.60 NOTE
r-release-linux-x86_64 0.1.1 8.45 76.07 84.52 NOTE
r-release-macos-arm64 0.1.1 NOTE
r-release-macos-x86_64 0.1.1 NOTE
r-release-windows-ix86+x86_64 0.1.1 20.00 72.00 92.00 NOTE
r-oldrel-macos-x86_64 0.1.1 OK
r-oldrel-windows-ix86+x86_64 0.1.1 17.00 99.00 116.00 OK

Check Details

Version: 0.1.1
Check: LazyData
Result: NOTE
     'LazyData' is specified without a 'data' directory
Flavors: r-devel-linux-x86_64-debian-clang, r-devel-linux-x86_64-debian-gcc, r-devel-linux-x86_64-fedora-clang, r-devel-linux-x86_64-fedora-gcc, r-devel-windows-x86_64, r-devel-windows-x86_64-gcc10-UCRT, r-patched-linux-x86_64, r-patched-solaris-x86, r-release-linux-x86_64, r-release-macos-arm64, r-release-macos-x86_64, r-release-windows-ix86+x86_64