Last updated on 2022-07-04 01:50:24 CEST.
Flavor | Version | Tinstall | Tcheck | Ttotal | Status | Flags |
---|---|---|---|---|---|---|
r-devel-linux-x86_64-debian-clang | 0.21 | 2.16 | 23.72 | 25.88 | NOTE | |
r-devel-linux-x86_64-debian-gcc | 0.21 | 1.56 | 18.83 | 20.39 | NOTE | |
r-devel-linux-x86_64-fedora-clang | 0.21 | 43.82 | NOTE | |||
r-devel-linux-x86_64-fedora-gcc | 0.21 | 41.64 | NOTE | |||
r-devel-windows-x86_64 | 0.21 | 8.00 | 52.00 | 60.00 | NOTE | |
r-patched-linux-x86_64 | 0.21 | 1.64 | 23.37 | 25.01 | NOTE | |
r-release-linux-x86_64 | 0.21 | 2.17 | 23.22 | 25.39 | NOTE | |
r-release-macos-arm64 | 0.21 | 15.00 | NOTE | |||
r-release-macos-x86_64 | 0.21 | 24.00 | NOTE | |||
r-release-windows-x86_64 | 0.21 | 9.00 | 51.00 | 60.00 | NOTE | |
r-oldrel-macos-arm64 | 0.21 | 19.00 | NOTE | |||
r-oldrel-macos-x86_64 | 0.21 | 23.00 | NOTE | |||
r-oldrel-windows-ix86+x86_64 | 0.21 | 7.00 | 43.00 | 50.00 | NOTE |
Version: 0.21
Check: LazyData
Result: NOTE
'LazyData' is specified without a 'data' directory
Flavors: r-devel-linux-x86_64-debian-clang, r-devel-linux-x86_64-debian-gcc, r-devel-linux-x86_64-fedora-clang, r-devel-linux-x86_64-fedora-gcc, r-devel-windows-x86_64, r-patched-linux-x86_64, r-release-linux-x86_64, r-release-macos-arm64, r-release-macos-x86_64, r-release-windows-x86_64, r-oldrel-macos-arm64, r-oldrel-macos-x86_64, r-oldrel-windows-ix86+x86_64