CRAN Package Check Results for Package unine

Last updated on 2020-07-06 01:54:21 CEST.

Flavor Version Tinstall Tcheck Ttotal Status Flags
r-devel-linux-x86_64-debian-clang 0.2.0 65.15 27.44 92.59 OK
r-devel-linux-x86_64-debian-gcc 0.2.0 46.01 21.80 67.81 OK
r-devel-linux-x86_64-fedora-clang 0.2.0 140.02 NOTE
r-devel-linux-x86_64-fedora-gcc 0.2.0 111.84 NOTE
r-devel-windows-ix86+x86_64 0.2.0 177.00 69.00 246.00 OK
r-patched-linux-x86_64 0.2.0 45.28 27.36 72.64 OK
r-patched-solaris-x86 0.2.0 110.20 NOTE
r-release-linux-x86_64 0.2.0 44.49 27.10 71.59 OK
r-release-osx-x86_64 0.2.0 NOTE
r-release-windows-ix86+x86_64 0.2.0 133.00 66.00 199.00 OK
r-oldrel-osx-x86_64 0.2.0 NOTE
r-oldrel-windows-ix86+x86_64 0.2.0 127.00 79.00 206.00 OK

Check Details

Version: 0.2.0
Check: data for non-ASCII characters
Result: NOTE
     Note: found 548 marked UTF-8 strings
Flavors: r-devel-linux-x86_64-fedora-clang, r-devel-linux-x86_64-fedora-gcc, r-patched-solaris-x86, r-release-osx-x86_64, r-oldrel-osx-x86_64