CRAN Package Check Results for Package units

Last updated on 2020-05-29 01:50:24 CEST.

Flavor Version Tinstall Tcheck Ttotal Status Flags
r-devel-linux-x86_64-debian-clang 0.6-6 26.28 55.85 82.13 OK
r-devel-linux-x86_64-debian-gcc 0.6-6 19.08 43.13 62.21 OK
r-devel-linux-x86_64-fedora-clang 0.6-6 110.95 OK
r-devel-linux-x86_64-fedora-gcc 0.6-6 99.33 OK
r-devel-windows-ix86+x86_64 0.6-6 70.00 140.00 210.00 NOTE
r-patched-linux-x86_64 0.6-6 20.07 55.40 75.47 OK
r-patched-solaris-x86 0.6-6 116.30 OK
r-release-linux-x86_64 0.6-6 20.18 54.98 75.16 OK
r-release-osx-x86_64 0.6-6 OK
r-release-windows-ix86+x86_64 0.6-6 49.00 161.00 210.00 NOTE
r-oldrel-osx-x86_64 0.6-6 OK
r-oldrel-windows-ix86+x86_64 0.6-6 60.00 107.00 167.00 OK

Check Details

Version: 0.6-6
Check: installed package size
Result: NOTE
     installed size is 5.2Mb
     sub-directories of 1Mb or more:
     doc 2.2Mb
     libs 2.6Mb
Flavors: r-devel-windows-ix86+x86_64, r-release-windows-ix86+x86_64