Last updated on 2022-06-26 01:49:04 CEST.
Flavor | Version | Tinstall | Tcheck | Ttotal | Status | Flags |
---|---|---|---|---|---|---|
r-devel-linux-x86_64-debian-clang | 0.1.0 | 3.46 | 73.30 | 76.76 | OK | |
r-devel-linux-x86_64-debian-gcc | 0.1.0 | 3.17 | 53.21 | 56.38 | OK | |
r-devel-linux-x86_64-fedora-clang | 0.1.0 | 105.25 | NOTE | |||
r-devel-linux-x86_64-fedora-gcc | 0.1.0 | 98.52 | NOTE | |||
r-devel-windows-x86_64 | 0.1.0 | 85.00 | 117.00 | 202.00 | OK | |
r-patched-linux-x86_64 | 0.1.0 | 4.11 | 67.34 | 71.45 | OK | |
r-release-linux-x86_64 | 0.1.0 | 3.09 | 66.73 | 69.82 | OK | |
r-release-macos-arm64 | 0.1.0 | 30.00 | NOTE | |||
r-release-macos-x86_64 | 0.1.0 | 51.00 | NOTE | |||
r-release-windows-x86_64 | 0.1.0 | 96.00 | 116.00 | 212.00 | OK | |
r-oldrel-macos-arm64 | 0.1.0 | 37.00 | NOTE | |||
r-oldrel-macos-x86_64 | 0.1.0 | 54.00 | NOTE | |||
r-oldrel-windows-ix86+x86_64 | 0.1.0 | 10.00 | 99.00 | 109.00 | OK |
Version: 0.1.0
Check: dependencies in R code
Result: NOTE
Namespaces in Imports field not imported from:
‘lavaan’ ‘lifecycle’ ‘patchwork’ ‘ragg’ ‘scales’ ‘simstandard’
All declared Imports should be used.
Flavors: r-devel-linux-x86_64-fedora-clang, r-devel-linux-x86_64-fedora-gcc, r-release-macos-arm64, r-release-macos-x86_64, r-oldrel-macos-arm64, r-oldrel-macos-x86_64