CRAN Package Check Results for Package urca

Last updated on 2021-09-26 01:50:09 CEST.

Flavor Version Tinstall Tcheck Ttotal Status Flags
r-devel-linux-x86_64-debian-clang 1.3-0 11.19 63.26 74.45 OK
r-devel-linux-x86_64-debian-gcc 1.3-0 7.63 48.60 56.23 OK
r-devel-linux-x86_64-fedora-clang 1.3-0 95.67 NOTE
r-devel-linux-x86_64-fedora-gcc 1.3-0 83.15 NOTE
r-devel-windows-x86_64 1.3-0 14.00 69.00 83.00 OK
r-devel-windows-x86_64-gcc10-UCRT 1.3-0 OK
r-patched-linux-x86_64 1.3-0 10.92 60.10 71.02 OK
r-patched-solaris-x86 1.3-0 114.40 OK
r-release-linux-x86_64 1.3-0 9.73 61.70 71.43 OK
r-release-macos-arm64 1.3-0 OK
r-release-macos-x86_64 1.3-0 OK
r-release-windows-ix86+x86_64 1.3-0 24.00 77.00 101.00 OK
r-oldrel-macos-x86_64 1.3-0 OK
r-oldrel-windows-ix86+x86_64 1.3-0 17.00 72.00 89.00 OK

Check Details

Version: 1.3-0
Check: compiled code
Result: NOTE
    File ‘urca/libs/urca.so’:
     Found no calls to: ‘R_registerRoutines’, ‘R_useDynamicSymbols’
    
    It is good practice to register native routines and to disable symbol
    search.
    
    See ‘Writing portable packages’ in the ‘Writing R Extensions’ manual.
Flavors: r-devel-linux-x86_64-fedora-clang, r-devel-linux-x86_64-fedora-gcc