CRAN Package Check Results for Package urca

Last updated on 2021-06-25 02:52:14 CEST.

Flavor Version Tinstall Tcheck Ttotal Status Flags
r-devel-linux-x86_64-debian-clang 1.3-0 11.22 62.87 74.09 OK
r-devel-linux-x86_64-debian-gcc 1.3-0 7.41 48.71 56.12 OK
r-devel-linux-x86_64-fedora-clang 1.3-0 96.38 NOTE
r-devel-linux-x86_64-fedora-gcc 1.3-0 83.69 NOTE
r-devel-windows-x86_64 1.3-0 19.00 68.00 87.00 OK
r-devel-windows-x86_64-gcc10-UCRT 1.3-0 OK
r-patched-linux-x86_64 1.3-0 10.53 60.71 71.24 OK
r-patched-solaris-x86 1.3-0 115.10 OK
r-release-linux-x86_64 1.3-0 9.88 61.63 71.51 OK
r-release-macos-arm64 1.3-0 OK
r-release-macos-x86_64 1.3-0 OK
r-release-windows-ix86+x86_64 1.3-0 22.00 95.00 117.00 OK
r-oldrel-macos-x86_64 1.3-0 OK
r-oldrel-windows-ix86+x86_64 1.3-0 22.00 102.00 124.00 OK

Check Details

Version: 1.3-0
Check: compiled code
Result: NOTE
    File ‘urca/libs/urca.so’:
     Found no calls to: ‘R_registerRoutines’, ‘R_useDynamicSymbols’
    
    It is good practice to register native routines and to disable symbol
    search.
    
    See ‘Writing portable packages’ in the ‘Writing R Extensions’ manual.
Flavors: r-devel-linux-x86_64-fedora-clang, r-devel-linux-x86_64-fedora-gcc