CRAN Package Check Results for Package usethis

Last updated on 2020-08-11 01:54:53 CEST.

Flavor Version Tinstall Tcheck Ttotal Status Flags
r-devel-linux-x86_64-debian-clang 1.6.1 6.57 99.74 106.31 OK
r-devel-linux-x86_64-debian-gcc 1.6.1 5.94 75.52 81.46 OK
r-devel-linux-x86_64-fedora-clang 1.6.1 128.61 NOTE
r-devel-linux-x86_64-fedora-gcc 1.6.1 134.74 OK
r-devel-windows-ix86+x86_64 1.6.1 16.00 181.00 197.00 OK
r-patched-linux-x86_64 1.6.1 7.54 97.61 105.15 OK
r-patched-solaris-x86 1.6.1 141.20 OK
r-release-linux-x86_64 1.6.1 7.50 98.87 106.37 OK
r-release-macos-x86_64 1.6.1 OK
r-release-windows-ix86+x86_64 1.6.1 20.00 176.00 196.00 OK
r-oldrel-macos-x86_64 1.6.1 OK
r-oldrel-windows-ix86+x86_64 1.6.1 11.00 119.00 130.00 OK

Check Details

Version: 1.6.1
Check: Rd cross-references
Result: NOTE
    Undeclared package ‘devtools’ in Rd xrefs
Flavor: r-devel-linux-x86_64-fedora-clang