CRAN Package Check Results for Package utilsIPEA

Last updated on 2021-09-23 01:50:04 CEST.

Flavor Version Tinstall Tcheck Ttotal Status Flags
r-devel-linux-x86_64-debian-clang 0.0.6 4.20 47.78 51.98 OK
r-devel-linux-x86_64-debian-gcc 0.0.6 3.18 35.60 38.78 OK
r-devel-linux-x86_64-fedora-clang 0.0.6 71.01 NOTE
r-devel-linux-x86_64-fedora-gcc 0.0.6 57.30 NOTE
r-devel-windows-x86_64 0.0.6 7.00 50.00 57.00 OK
r-devel-windows-x86_64-gcc10-UCRT 0.0.6 ERROR
r-patched-linux-x86_64 0.0.6 4.18 43.28 47.46 OK
r-patched-solaris-x86 0.0.6 90.60 NOTE
r-release-linux-x86_64 0.0.6 3.64 43.98 47.62 OK
r-release-macos-arm64 0.0.6 NOTE
r-release-macos-x86_64 0.0.6 NOTE
r-release-windows-ix86+x86_64 0.0.6 11.00 50.00 61.00 OK
r-oldrel-macos-x86_64 0.0.6 NOTE
r-oldrel-windows-ix86+x86_64 0.0.6 9.00 46.00 55.00 OK

Check Details

Version: 0.0.6
Check: dependencies in R code
Result: NOTE
    Namespaces in Imports field not imported from:
     ‘RCurl’ ‘stringdist’ ‘utils’
     All declared Imports should be used.
Flavors: r-devel-linux-x86_64-fedora-clang, r-devel-linux-x86_64-fedora-gcc, r-devel-windows-x86_64-gcc10-UCRT, r-patched-solaris-x86, r-release-macos-arm64, r-release-macos-x86_64, r-oldrel-macos-x86_64

Version: 0.0.6
Check: PDF version of manual
Result: WARN
    LaTeX errors when creating PDF version.
    This typically indicates Rd problems.
Flavor: r-devel-windows-x86_64-gcc10-UCRT

Version: 0.0.6
Check: PDF version of manual without hyperrefs or index
Result: ERROR
    Re-running with no redirection of stdout/stderr.
Flavor: r-devel-windows-x86_64-gcc10-UCRT