CRAN Package Check Results for Package uuid

Last updated on 2021-02-24 00:49:29 CET.

Flavor Version Tinstall Tcheck Ttotal Status Flags
r-devel-linux-x86_64-debian-clang 0.1-4 7.40 21.24 28.64 OK
r-devel-linux-x86_64-debian-gcc 0.1-4 4.06 16.96 21.02 OK
r-devel-linux-x86_64-fedora-clang 0.1-4 45.25 NOTE
r-devel-linux-x86_64-fedora-gcc 0.1-4 33.55 NOTE
r-devel-windows-ix86+x86_64 0.1-4 25.00 31.00 56.00 OK
r-patched-linux-x86_64 0.1-4 4.63 21.39 26.02 OK
r-patched-solaris-x86 0.1-4 46.60 OK
r-release-linux-x86_64 0.1-4 4.90 21.23 26.13 OK
r-release-macos-x86_64 0.1-4 OK
r-release-windows-ix86+x86_64 0.1-4 17.00 29.00 46.00 OK
r-oldrel-macos-x86_64 0.1-4 OK
r-oldrel-windows-ix86+x86_64 0.1-4 31.00 47.00 78.00 OK

Additional issues

clang-UBSAN gcc-UBSAN

Check Details

Version: 0.1-4
Check: compiled code
Result: NOTE
    File ‘uuid/libs/uuid.so’:
     Found no calls to: ‘R_registerRoutines’, ‘R_useDynamicSymbols’
    
    It is good practice to register native routines and to disable symbol
    search.
    
    See ‘Writing portable packages’ in the ‘Writing R Extensions’ manual.
Flavors: r-devel-linux-x86_64-fedora-clang, r-devel-linux-x86_64-fedora-gcc