CRAN Package Check Results for Package vICC

Last updated on 2021-12-06 00:48:46 CET.

Flavor Version Tinstall Tcheck Ttotal Status Flags
r-devel-linux-x86_64-debian-clang 1.0.0 5.63 61.67 67.30 OK
r-devel-linux-x86_64-debian-gcc 1.0.0 4.44 48.99 53.43 OK
r-devel-linux-x86_64-fedora-clang 1.0.0 85.58 NOTE
r-devel-linux-x86_64-fedora-gcc 1.0.0 68.20 NOTE
r-devel-windows-x86_64-new-UL 1.0.0 13.00 90.00 103.00 OK
r-devel-windows-x86_64-new-TK 1.0.0 NOTE
r-devel-windows-x86_64-old 1.0.0 9.00 56.00 65.00 OK
r-patched-linux-x86_64 1.0.0 5.45 48.69 54.14 OK
r-release-linux-x86_64 1.0.0 4.96 57.16 62.12 OK
r-release-macos-arm64 1.0.0 NOTE
r-release-macos-x86_64 1.0.0 NOTE
r-release-windows-ix86+x86_64 1.0.0 14.00 75.00 89.00 OK
r-oldrel-macos-x86_64 1.0.0 NOTE
r-oldrel-windows-ix86+x86_64 1.0.0 15.00 78.00 93.00 OK

Check Details

Version: 1.0.0
Check: dependencies in R code
Result: NOTE
    Namespace in Imports field not imported from: ‘Rdpack’
     All declared Imports should be used.
Flavors: r-devel-linux-x86_64-fedora-clang, r-devel-linux-x86_64-fedora-gcc, r-devel-windows-x86_64-new-TK, r-release-macos-arm64, r-release-macos-x86_64, r-oldrel-macos-x86_64