CRAN Package Check Results for Package vagalumeR

Last updated on 2025-01-19 08:49:21 CET.

Flavor Version Tinstall Tcheck Ttotal Status Flags
r-devel-linux-x86_64-debian-clang 0.1.6 1.79 17.49 19.28 OK
r-devel-linux-x86_64-debian-gcc 0.1.6 1.28 14.21 15.49 OK
r-devel-linux-x86_64-fedora-clang 0.1.6 31.81 OK
r-devel-linux-x86_64-fedora-gcc 0.1.6 30.60 OK
r-devel-windows-x86_64 0.1.6 4.00 43.00 47.00 OK
r-patched-linux-x86_64 0.1.6 1.91 16.69 18.60 NOTE
r-release-linux-x86_64 0.1.6 1.76 16.80 18.56 NOTE
r-release-macos-arm64 0.1.6 15.00 NOTE
r-release-macos-x86_64 0.1.6 23.00 NOTE
r-release-windows-x86_64 0.1.6 6.00 42.00 48.00 NOTE
r-oldrel-macos-arm64 0.1.6 17.00 NOTE
r-oldrel-macos-x86_64 0.1.6 19.00 NOTE
r-oldrel-windows-x86_64 0.1.6 3.00 42.00 45.00 NOTE

Check Details

Version: 0.1.6
Check: LazyData
Result: NOTE 'LazyData' is specified without a 'data' directory Flavors: r-patched-linux-x86_64, r-release-linux-x86_64, r-release-macos-arm64, r-release-macos-x86_64, r-release-windows-x86_64, r-oldrel-macos-arm64, r-oldrel-macos-x86_64, r-oldrel-windows-x86_64