Last updated on 2023-06-03 08:05:59 CEST.
Flavor | Version | Tinstall | Tcheck | Ttotal | Status | Flags |
---|---|---|---|---|---|---|
r-devel-linux-x86_64-debian-clang | 1.0.1 | 5.44 | 72.86 | 78.30 | NOTE | |
r-devel-linux-x86_64-debian-gcc | 1.0.1 | 4.66 | 55.32 | 59.98 | NOTE | |
r-devel-linux-x86_64-fedora-clang | 1.0.1 | 93.90 | NOTE | |||
r-devel-linux-x86_64-fedora-gcc | 1.0.1 | 103.10 | NOTE | |||
r-devel-windows-x86_64 | 1.0.1 | 6.00 | 73.00 | 79.00 | NOTE | |
r-patched-linux-x86_64 | 1.0.1 | NOTE | ||||
r-release-linux-x86_64 | 1.0.1 | 3.44 | 69.37 | 72.81 | NOTE | |
r-release-macos-arm64 | 1.0.1 | 35.00 | NOTE | |||
r-release-macos-x86_64 | 1.0.1 | 61.00 | NOTE | |||
r-release-windows-x86_64 | 1.0.1 | 6.00 | 85.00 | 91.00 | NOTE | |
r-oldrel-macos-arm64 | 1.0.1 | 32.00 | NOTE | |||
r-oldrel-macos-x86_64 | 1.0.1 | 40.00 | NOTE | |||
r-oldrel-windows-x86_64 | 1.0.1 | 7.00 | 86.00 | 93.00 | NOTE |
Version: 1.0.1
Check: LazyData
Result: NOTE
'LazyData' is specified without a 'data' directory
Flavors: r-devel-linux-x86_64-debian-clang, r-devel-linux-x86_64-debian-gcc, r-devel-linux-x86_64-fedora-clang, r-devel-linux-x86_64-fedora-gcc, r-devel-windows-x86_64, r-patched-linux-x86_64, r-release-linux-x86_64, r-release-macos-arm64, r-release-macos-x86_64, r-release-windows-x86_64, r-oldrel-macos-arm64, r-oldrel-macos-x86_64, r-oldrel-windows-x86_64