CRAN Package Check Results for Package varEst

Last updated on 2023-09-27 08:02:49 CEST.

Flavor Version Tinstall Tcheck Ttotal Status Flags
r-devel-linux-x86_64-debian-clang 0.1.0 18.03 140.97 159.00 NOTE
r-devel-linux-x86_64-debian-gcc 0.1.0 13.38 102.13 115.51 NOTE
r-devel-linux-x86_64-fedora-clang 0.1.0 191.09 NOTE
r-devel-linux-x86_64-fedora-gcc 0.1.0 185.90 NOTE
r-devel-windows-x86_64 0.1.0 17.00 109.00 126.00 NOTE
r-patched-linux-x86_64 0.1.0 16.25 133.99 150.24 NOTE
r-release-linux-x86_64 0.1.0 10.92 131.15 142.07 NOTE
r-release-macos-arm64 0.1.0 54.00 NOTE
r-release-macos-x86_64 0.1.0 93.00 NOTE
r-release-windows-x86_64 0.1.0 19.00 129.00 148.00 NOTE
r-oldrel-macos-arm64 0.1.0 53.00 NOTE
r-oldrel-macos-x86_64 0.1.0 101.00 NOTE
r-oldrel-windows-x86_64 0.1.0 19.00 134.00 153.00 NOTE

Check Details

Version: 0.1.0
Check: LazyData
Result: NOTE
     'LazyData' is specified without a 'data' directory
Flavors: r-devel-linux-x86_64-debian-clang, r-devel-linux-x86_64-debian-gcc, r-devel-linux-x86_64-fedora-clang, r-devel-linux-x86_64-fedora-gcc, r-devel-windows-x86_64, r-patched-linux-x86_64, r-release-linux-x86_64, r-release-macos-arm64, r-release-macos-x86_64, r-release-windows-x86_64, r-oldrel-macos-arm64, r-oldrel-macos-x86_64, r-oldrel-windows-x86_64