CRAN Package Check Results for Package varEst

Last updated on 2022-01-16 01:07:18 CET.

Flavor Version Tinstall Tcheck Ttotal Status Flags
r-devel-linux-x86_64-debian-clang 0.1.0 12.78 131.20 143.98 NOTE
r-devel-linux-x86_64-debian-gcc 0.1.0 11.24 99.18 110.42 NOTE
r-devel-linux-x86_64-fedora-clang 0.1.0 176.07 NOTE
r-devel-linux-x86_64-fedora-gcc 0.1.0 170.82 NOTE
r-devel-windows-x86_64-new-UL 0.1.0 21.00 136.00 157.00 NOTE
r-devel-windows-x86_64-new-TK 0.1.0 NOTE
r-patched-linux-x86_64 0.1.0 11.87 125.14 137.01 NOTE
r-release-linux-x86_64 0.1.0 11.24 122.94 134.18 NOTE
r-release-macos-arm64 0.1.0 NOTE
r-release-macos-x86_64 0.1.0 NOTE
r-release-windows-ix86+x86_64 0.1.0 32.00 146.00 178.00 NOTE
r-oldrel-macos-x86_64 0.1.0 OK
r-oldrel-windows-ix86+x86_64 0.1.0 33.00 148.00 181.00 OK

Check Details

Version: 0.1.0
Check: LazyData
Result: NOTE
     'LazyData' is specified without a 'data' directory
Flavors: r-devel-linux-x86_64-debian-clang, r-devel-linux-x86_64-debian-gcc, r-devel-linux-x86_64-fedora-clang, r-devel-linux-x86_64-fedora-gcc, r-devel-windows-x86_64-new-UL, r-devel-windows-x86_64-new-TK, r-patched-linux-x86_64, r-release-linux-x86_64, r-release-macos-arm64, r-release-macos-x86_64, r-release-windows-ix86+x86_64