Last updated on 2023-11-30 08:50:13 CET.
Flavor | Version | Tinstall | Tcheck | Ttotal | Status | Flags |
---|---|---|---|---|---|---|
r-devel-linux-x86_64-debian-clang | 0.7-8 | 3.22 | 41.74 | 44.96 | NOTE | |
r-devel-linux-x86_64-debian-gcc | 0.7-8 | 2.57 | 33.22 | 35.79 | NOTE | |
r-devel-linux-x86_64-fedora-clang | 0.7-8 | 56.96 | NOTE | |||
r-devel-linux-x86_64-fedora-gcc | 0.7-8 | 54.38 | NOTE | |||
r-devel-windows-x86_64 | 0.7-8 | 3.00 | 57.00 | 60.00 | NOTE | |
r-patched-linux-x86_64 | 0.7-8 | 3.50 | 40.25 | 43.75 | NOTE | |
r-release-linux-x86_64 | 0.7-8 | 2.76 | 40.40 | 43.16 | NOTE | |
r-release-macos-arm64 | 0.7-8 | 30.00 | NOTE | |||
r-release-macos-x86_64 | 0.7-8 | 33.00 | NOTE | |||
r-release-windows-x86_64 | 0.7-8 | 4.00 | 58.00 | 62.00 | NOTE | |
r-oldrel-macos-arm64 | 0.7-8 | 23.00 | OK | |||
r-oldrel-macos-x86_64 | 0.7-8 | 29.00 | OK | |||
r-oldrel-windows-x86_64 | 0.7-8 | 5.00 | 63.00 | 68.00 | OK |
Version: 0.7-8
Check: Rd files
Result: NOTE
checkRd: (-1) randomVarImpsRFplot.Rd:97: Escaped LaTeX specials: \&
checkRd: (-1) varSelImpSpecRF.Rd:83: Escaped LaTeX specials: \&
Flavors: r-devel-linux-x86_64-debian-clang, r-devel-linux-x86_64-debian-gcc, r-devel-linux-x86_64-fedora-clang, r-devel-linux-x86_64-fedora-gcc, r-devel-windows-x86_64, r-patched-linux-x86_64, r-release-linux-x86_64, r-release-macos-arm64, r-release-macos-x86_64, r-release-windows-x86_64