CRAN Package Check Results for Package varrank

Last updated on 2020-02-20 00:54:31 CET.

Flavor Version Tinstall Tcheck Ttotal Status Flags
r-devel-linux-x86_64-debian-clang 0.3 3.69 152.34 156.03 OK
r-devel-linux-x86_64-debian-gcc 0.3 2.72 115.96 118.68 OK
r-devel-linux-x86_64-fedora-clang 0.3 187.60 NOTE
r-devel-linux-x86_64-fedora-gcc 0.3 176.44 OK
r-devel-windows-ix86+x86_64 0.3 7.00 88.00 95.00 OK
r-devel-windows-ix86+x86_64-gcc8 0.2 10.00 79.00 89.00 WARN
r-patched-linux-x86_64 0.3 2.76 140.22 142.98 OK
r-patched-solaris-x86 0.3 1035.80 WARN
r-release-linux-x86_64 0.3 3.02 140.97 143.99 OK
r-release-windows-ix86+x86_64 0.3 5.00 73.00 78.00 OK
r-release-osx-x86_64 0.3 OK
r-oldrel-windows-ix86+x86_64 0.3 4.00 75.00 79.00 OK
r-oldrel-osx-x86_64 0.3 OK

Check Details

Version: 0.3
Check: package dependencies
Result: NOTE
    Suggests orphaned package: ‘gplots’
Flavor: r-devel-linux-x86_64-fedora-clang

Version: 0.2
Check: re-building of vignette outputs
Result: WARN
    Error(s) in re-building vignettes:
    --- re-building 'varrank.Rmd' using knitr
    Loading required package: randomForest
    randomForest 4.6-14
    Type rfNews() to see new features/changes/bug fixes.
    
    Attaching package: 'randomForest'
    
    The following object is masked from 'package:ranger':
    
     importance
    
    The following object is masked from 'package:ggplot2':
    
     margin
    
    Loading required package: parallel
    Quitting from lines 347-378 (varrank.Rmd)
    Error: processing vignette 'varrank.Rmd' failed with diagnostics:
    object 'epi' not found
    --- failed re-building 'varrank.Rmd'
    
    SUMMARY: processing the following file failed:
     'varrank.Rmd'
    
    Error: Vignette re-building failed.
    Execution halted
Flavor: r-devel-windows-ix86+x86_64-gcc8

Version: 0.3
Check: package dependencies
Result: NOTE
    Package suggested but not available for checking: ‘FSelector’
Flavor: r-patched-solaris-x86

Version: 0.3
Check: re-building of vignette outputs
Result: WARN
    Error(s) in re-building vignettes:
     ...
    --- re-building ‘varrank.Rmd’ using knitr
    Loading required package: randomForest
    randomForest 4.6-14
    Type rfNews() to see new features/changes/bug fixes.
    
    Attaching package: 'randomForest'
    
    The following object is masked from 'package:ranger':
    
     importance
    
    The following object is masked from 'package:ggplot2':
    
     margin
    
    Loading required package: parallel
    Quitting from lines 122-125 (varrank.Rmd)
    Error: processing vignette 'varrank.Rmd' failed with diagnostics:
    there is no package called 'FSelector'
    --- failed re-building ‘varrank.Rmd’
    
    SUMMARY: processing the following file failed:
     ‘varrank.Rmd’
    
    Error: Vignette re-building failed.
    Execution halted
Flavor: r-patched-solaris-x86