CRAN Package Check Results for Package varycoef

Last updated on 2021-06-25 02:52:14 CEST.

Flavor Version Tinstall Tcheck Ttotal Status Flags
r-devel-linux-x86_64-debian-clang 0.3.1 18.23 173.95 192.18 OK
r-devel-linux-x86_64-debian-gcc 0.3.1 15.02 129.39 144.41 OK
r-devel-linux-x86_64-fedora-clang 0.3.1 235.94 NOTE
r-devel-linux-x86_64-fedora-gcc 0.3.1 229.89 NOTE
r-devel-windows-x86_64 0.3.1 30.00 150.00 180.00 OK
r-devel-windows-x86_64-gcc10-UCRT 0.3.1 NOTE
r-patched-linux-x86_64 0.3.1 18.99 166.65 185.64 OK
r-patched-solaris-x86 0.3.1 313.70 NOTE
r-release-linux-x86_64 0.3.1 17.64 167.33 184.97 OK
r-release-macos-arm64 0.3.1 NOTE
r-release-macos-x86_64 0.3.1 NOTE
r-release-windows-ix86+x86_64 0.3.1 31.00 180.00 211.00 OK
r-oldrel-macos-x86_64 0.3.1 NOTE
r-oldrel-windows-ix86+x86_64 0.3.1 42.00 170.00 212.00 OK

Check Details

Version: 0.3.1
Check: dependencies in R code
Result: NOTE
    Namespace in Imports field not imported from: ‘sp’
     All declared Imports should be used.
Flavors: r-devel-linux-x86_64-fedora-clang, r-devel-linux-x86_64-fedora-gcc, r-devel-windows-x86_64-gcc10-UCRT, r-patched-solaris-x86, r-release-macos-arm64, r-release-macos-x86_64, r-oldrel-macos-x86_64