CRAN Package Check Results for Package vasicek

Last updated on 2023-02-02 00:55:02 CET.

Flavor Version Tinstall Tcheck Ttotal Status Flags
r-devel-linux-x86_64-debian-clang 0.0.3 1.68 24.26 25.94 NOTE
r-devel-linux-x86_64-debian-gcc 0.0.3 1.60 18.60 20.20 NOTE
r-devel-linux-x86_64-fedora-clang 0.0.3 33.64 NOTE
r-devel-linux-x86_64-fedora-gcc 0.0.3 32.70 NOTE
r-devel-windows-x86_64 0.0.3 14.00 56.00 70.00 NOTE
r-patched-linux-x86_64 0.0.3 2.17 23.91 26.08 NOTE
r-release-linux-x86_64 0.0.3 1.90 23.30 25.20 NOTE
r-release-macos-arm64 0.0.3 14.00 NOTE
r-release-macos-x86_64 0.0.3 20.00 NOTE
r-release-windows-x86_64 0.0.3 7.00 55.00 62.00 NOTE
r-oldrel-macos-arm64 0.0.3 17.00 NOTE
r-oldrel-macos-x86_64 0.0.3 26.00 NOTE
r-oldrel-windows-ix86+x86_64 0.0.3 5.00 42.00 47.00 NOTE

Check Details

Version: 0.0.3
Check: LazyData
Result: NOTE
     'LazyData' is specified without a 'data' directory
Flavors: r-devel-linux-x86_64-debian-clang, r-devel-linux-x86_64-debian-gcc, r-devel-linux-x86_64-fedora-clang, r-devel-linux-x86_64-fedora-gcc, r-devel-windows-x86_64, r-patched-linux-x86_64, r-release-linux-x86_64, r-release-macos-arm64, r-release-macos-x86_64, r-release-windows-x86_64, r-oldrel-macos-arm64, r-oldrel-macos-x86_64, r-oldrel-windows-ix86+x86_64