CRAN Package Check Results for Package vaultr

Last updated on 2024-06-13 06:58:22 CEST.

Flavor Version Tinstall Tcheck Ttotal Status Flags
r-devel-linux-x86_64-debian-clang 1.2.0 16.87 57.57 74.44 OK
r-devel-linux-x86_64-debian-gcc 1.2.0 11.11 35.83 46.94 ERROR
r-devel-linux-x86_64-fedora-clang 1.2.0 99.44 OK
r-devel-linux-x86_64-fedora-gcc 1.2.0 103.95 OK
r-devel-windows-x86_64 1.2.0 13.00 70.00 83.00 OK
r-patched-linux-x86_64 1.2.0 13.85 54.61 68.46 OK
r-release-linux-x86_64 1.2.0 12.29 54.55 66.84 OK
r-release-macos-arm64 1.2.0 34.00 OK
r-release-macos-x86_64 1.2.0 52.00 OK
r-release-windows-x86_64 1.2.0 13.00 71.00 84.00 OK
r-oldrel-macos-arm64 1.2.0 34.00 OK
r-oldrel-macos-x86_64 1.2.0 66.00 OK
r-oldrel-windows-x86_64 1.2.0 17.00 77.00 94.00 OK

Check Details

Version: 1.2.0
Check: package dependencies
Result: NOTE Packages suggested but not available for checking: 'mockery', 'testthat' Flavor: r-devel-linux-x86_64-debian-gcc

Version: 1.2.0
Check: tests
Result: ERROR Running ‘testthat.R’ [0s/1s] Running the tests in ‘tests/testthat.R’ failed. Complete output: > library(testthat) Error in library(testthat) : there is no package called 'testthat' Execution halted Flavor: r-devel-linux-x86_64-debian-gcc