CRAN Package Check Results for Package vcdExtra

Last updated on 2024-07-19 08:55:12 CEST.

Flavor Version Tinstall Tcheck Ttotal Status Flags
r-devel-linux-x86_64-debian-clang 0.8-5 17.22 248.34 265.56 NOTE
r-devel-linux-x86_64-debian-gcc 0.8-5 11.68 184.24 195.92 NOTE
r-devel-linux-x86_64-fedora-clang 0.8-5 303.30 NOTE
r-devel-linux-x86_64-fedora-gcc 0.8-5 308.98 NOTE
r-devel-windows-x86_64 0.8-5 15.00 203.00 218.00 NOTE
r-patched-linux-x86_64 0.8-5 23.83 235.09 258.92 NOTE
r-release-linux-x86_64 0.8-5 8.94 227.52 236.46 NOTE
r-release-macos-arm64 0.8-5 106.00 NOTE
r-release-macos-x86_64 0.8-5 146.00 NOTE
r-release-windows-x86_64 0.8-5 14.00 203.00 217.00 NOTE
r-oldrel-macos-arm64 0.8-5 91.00 OK
r-oldrel-macos-x86_64 0.8-5 178.00 OK
r-oldrel-windows-x86_64 0.8-5 18.00 256.00 274.00 OK

Check Details

Version: 0.8-5
Check: Rd files
Result: NOTE checkRd: (-1) datasets.Rd:15: Lost braces 15 | and dimension information (\code{dim} or code{length}) of each item, | ^ Flavors: r-devel-linux-x86_64-debian-clang, r-devel-linux-x86_64-debian-gcc, r-devel-linux-x86_64-fedora-clang, r-devel-linux-x86_64-fedora-gcc, r-devel-windows-x86_64, r-patched-linux-x86_64, r-release-linux-x86_64, r-release-macos-arm64, r-release-macos-x86_64, r-release-windows-x86_64

Version: 0.8-5
Check: Rd cross-references
Result: NOTE Undeclared package ‘factoextra’ in Rd xrefs Flavor: r-devel-linux-x86_64-fedora-clang

Version: 0.8-5
Check: Rd cross-references
Result: NOTE Found the following Rd file(s) with Rd \link{} targets missing package anchors: mcaplot.Rd: multilines Please provide package anchors for all Rd \link{} targets not in the package itself and the base packages. Flavor: r-devel-windows-x86_64