CRAN Package Check Results for Package vcfR

Last updated on 2024-02-26 08:49:01 CET.

Flavor Version Tinstall Tcheck Ttotal Status Flags
r-devel-linux-x86_64-debian-clang 1.15.0 164.65 225.99 390.64 OK
r-devel-linux-x86_64-debian-gcc 1.15.0 129.94 175.36 305.30 OK
r-devel-linux-x86_64-fedora-clang 1.15.0 382.65 OK
r-devel-linux-x86_64-fedora-gcc 1.15.0 412.42 OK
r-devel-windows-x86_64 1.15.0 128.00 229.00 357.00 OK
r-patched-linux-x86_64 1.15.0 172.48 225.30 397.78 OK
r-release-linux-x86_64 1.15.0 163.24 225.03 388.27 OK
r-release-macos-arm64 1.15.0 147.00 NOTE
r-release-macos-x86_64 1.15.0 222.00 NOTE
r-release-windows-x86_64 1.15.0 161.00 280.00 441.00 OK
r-oldrel-macos-arm64 1.15.0 134.00 NOTE
r-oldrel-windows-x86_64 1.15.0 158.00 274.00 432.00 OK

Check Details

Version: 1.15.0
Check: installed package size
Result: NOTE installed size is 6.6Mb sub-directories of 1Mb or more: libs 4.6Mb Flavors: r-release-macos-arm64, r-release-macos-x86_64, r-oldrel-macos-arm64