Last updated on 2021-01-17 00:48:29 CET.
Flavor | Version | Tinstall | Tcheck | Ttotal | Status | Flags |
---|---|---|---|---|---|---|
r-devel-linux-x86_64-debian-clang | 1.12.0 | 162.52 | 219.11 | 381.63 | OK | |
r-devel-linux-x86_64-debian-gcc | 1.12.0 | 103.46 | 176.00 | 279.46 | OK | |
r-devel-linux-x86_64-fedora-clang | 1.12.0 | 534.24 | NOTE | |||
r-devel-linux-x86_64-fedora-gcc | 1.12.0 | 472.66 | OK | |||
r-devel-windows-ix86+x86_64 | 1.12.0 | 260.00 | 378.00 | 638.00 | OK | |
r-patched-linux-x86_64 | 1.12.0 | 121.99 | 216.15 | 338.14 | OK | |
r-patched-solaris-x86 | 1.12.0 | 550.60 | OK | |||
r-release-linux-x86_64 | 1.12.0 | 120.84 | 218.90 | 339.74 | OK | |
r-release-macos-x86_64 | 1.12.0 | NOTE | ||||
r-release-windows-ix86+x86_64 | 1.12.0 | 296.00 | 334.00 | 630.00 | OK | |
r-oldrel-macos-x86_64 | 1.12.0 | NOTE | ||||
r-oldrel-windows-ix86+x86_64 | 1.12.0 | 325.00 | 420.00 | 745.00 | OK |
Version: 1.12.0
Check: installed package size
Result: NOTE
installed size is 8.9Mb
sub-directories of 1Mb or more:
libs 7.0Mb
Flavors: r-devel-linux-x86_64-fedora-clang, r-release-macos-x86_64, r-oldrel-macos-x86_64