CRAN Package Check Results for Package veccompare

Last updated on 2020-04-02 01:53:31 CEST.

Flavor Version Tinstall Tcheck Ttotal Status Flags
r-devel-linux-x86_64-debian-clang 0.1.0 2.95 30.92 33.87 OK
r-devel-linux-x86_64-debian-gcc 0.1.0 2.68 24.20 26.88 OK
r-devel-linux-x86_64-fedora-clang 0.1.0 43.46 NOTE
r-devel-linux-x86_64-fedora-gcc 0.1.0 43.49 NOTE
r-devel-windows-ix86+x86_64 0.1.0 13.00 39.00 52.00 OK
r-devel-windows-ix86+x86_64-gcc8 0.1.0 9.00 42.00 51.00 OK
r-patched-linux-x86_64 0.1.0 3.13 29.79 32.92 OK
r-patched-solaris-x86 0.1.0 65.70 NOTE
r-release-linux-x86_64 0.1.0 2.41 28.62 31.03 OK
r-release-windows-ix86+x86_64 0.1.0 7.00 48.00 55.00 OK
r-release-osx-x86_64 0.1.0 NOTE
r-oldrel-windows-ix86+x86_64 0.1.0 8.00 59.00 67.00 OK
r-oldrel-osx-x86_64 0.1.0 NOTE

Check Details

Version: 0.1.0
Check: dependencies in R code
Result: NOTE
    Namespace in Imports field not imported from: ‘pander’
     All declared Imports should be used.
Flavors: r-devel-linux-x86_64-fedora-clang, r-devel-linux-x86_64-fedora-gcc, r-patched-solaris-x86, r-release-osx-x86_64, r-oldrel-osx-x86_64