CRAN Package Check Results for Package vectorwavelet

Last updated on 2022-08-14 01:49:28 CEST.

Flavor Version Tinstall Tcheck Ttotal Status Flags
r-devel-linux-x86_64-debian-clang 0.1.0 9.20 82.37 91.57 NOTE
r-devel-linux-x86_64-debian-gcc 0.1.0 6.70 59.43 66.13 NOTE
r-devel-linux-x86_64-fedora-clang 0.1.0 122.78 NOTE
r-devel-linux-x86_64-fedora-gcc 0.1.0 122.97 NOTE
r-devel-windows-x86_64 0.1.0 31.00 97.00 128.00 NOTE
r-patched-linux-x86_64 0.1.0 5.80 74.69 80.49 NOTE
r-release-linux-x86_64 0.1.0 5.49 75.61 81.10 NOTE
r-release-macos-arm64 0.1.0 28.00 NOTE
r-release-macos-x86_64 0.1.0 53.00 NOTE
r-release-windows-x86_64 0.1.0 30.00 100.00 130.00 NOTE
r-oldrel-macos-arm64 0.1.0 36.00 NOTE
r-oldrel-macos-x86_64 0.1.0 50.00 NOTE
r-oldrel-windows-ix86+x86_64 0.1.0 21.00 97.00 118.00 NOTE

Check Details

Version: 0.1.0
Check: LazyData
Result: NOTE
     'LazyData' is specified without a 'data' directory
Flavors: r-devel-linux-x86_64-debian-clang, r-devel-linux-x86_64-debian-gcc, r-devel-linux-x86_64-fedora-clang, r-devel-linux-x86_64-fedora-gcc, r-devel-windows-x86_64, r-patched-linux-x86_64, r-release-linux-x86_64, r-release-macos-arm64, r-release-macos-x86_64, r-release-windows-x86_64, r-oldrel-macos-arm64, r-oldrel-macos-x86_64, r-oldrel-windows-ix86+x86_64

Version: 0.1.0
Check: dependencies in R code
Result: NOTE
    Namespaces in Imports field not imported from:
     ‘Rcpp’ ‘foreach’ ‘iterators’ ‘maps’ ‘spam’
     All declared Imports should be used.
Flavors: r-devel-linux-x86_64-fedora-clang, r-devel-linux-x86_64-fedora-gcc, r-release-macos-arm64, r-release-macos-x86_64, r-oldrel-macos-arm64, r-oldrel-macos-x86_64