CRAN Package Check Results for Package vegan

Last updated on 2021-05-15 01:50:01 CEST.

Flavor Version Tinstall Tcheck Ttotal Status Flags
r-devel-linux-x86_64-debian-clang 2.5-7 40.73 331.45 372.18 OK
r-devel-linux-x86_64-debian-gcc 2.5-7 33.47 241.52 274.99 OK
r-devel-linux-x86_64-fedora-clang 2.5-7 458.06 NOTE
r-devel-linux-x86_64-fedora-gcc 2.5-7 427.31 OK
r-devel-windows-ix86+x86_64 2.5-7 79.00 381.00 460.00 OK
r-devel-windows-x86_64-gcc10-UCRT 2.5-7 OK
r-patched-linux-x86_64 2.5-7 55.39 312.32 367.71 OK
r-patched-solaris-x86 2.5-7 548.00 OK
r-release-linux-x86_64 2.5-7 40.38 301.71 342.09 OK
r-release-macos-x86_64 2.5-7 OK
r-release-windows-ix86+x86_64 2.5-7 57.00 518.00 575.00 OK
r-oldrel-macos-x86_64 2.5-7 NOTE
r-oldrel-windows-ix86+x86_64 2.5-7 57.00 469.00 526.00 OK

Check Details

Version: 2.5-7
Check: Rd cross-references
Result: NOTE
    Undeclared packages ‘ade4’, ‘cclust’, ‘bipartite’, ‘labdsv’, ‘ellipse’, ‘vegan3d’, ‘coda’, ‘maptools’, ‘ape’, ‘picante’ in Rd xrefs
Flavor: r-devel-linux-x86_64-fedora-clang

Version: 2.5-7
Check: dependencies in R code
Result: NOTE
    No protocol specified
    No protocol specified
Flavor: r-oldrel-macos-x86_64