CRAN Package Check Results for Package vegtable

Last updated on 2020-04-01 01:49:10 CEST.

Flavor Version Tinstall Tcheck Ttotal Status Flags
r-devel-linux-x86_64-debian-clang 0.1.5 26.17 161.09 187.26 OK
r-devel-linux-x86_64-debian-gcc 0.1.5 23.52 126.47 149.99 OK
r-devel-linux-x86_64-fedora-clang 0.1.5 227.78 NOTE
r-devel-linux-x86_64-fedora-gcc 0.1.5 223.47 NOTE
r-devel-windows-ix86+x86_64 0.1.5 52.00 157.00 209.00 OK
r-devel-windows-ix86+x86_64-gcc8 0.1.5 45.00 168.00 213.00 OK
r-patched-linux-x86_64 0.1.5 23.16 154.75 177.91 OK
r-patched-solaris-x86 0.1.5 383.30 NOTE
r-release-linux-x86_64 0.1.5 22.74 141.67 164.41 OK
r-release-windows-ix86+x86_64 0.1.5 65.00 239.00 304.00 OK
r-release-osx-x86_64 0.1.5 NOTE
r-oldrel-windows-ix86+x86_64 0.1.5 49.00 216.00 265.00 OK
r-oldrel-osx-x86_64 0.1.5 NOTE

Check Details

Version: 0.1.5
Check: data for non-ASCII characters
Result: NOTE
     Note: found 128 marked UTF-8 strings
Flavors: r-devel-linux-x86_64-fedora-clang, r-devel-linux-x86_64-fedora-gcc, r-patched-solaris-x86, r-release-osx-x86_64, r-oldrel-osx-x86_64