CRAN Package Check Results for Package vein

Last updated on 2020-07-09 01:57:54 CEST.

Flavor Version Tinstall Tcheck Ttotal Status Flags
r-devel-linux-x86_64-debian-clang 0.8.9 24.17 295.64 319.81 OK
r-devel-linux-x86_64-debian-gcc 0.8.9 19.03 208.23 227.26 OK
r-devel-linux-x86_64-fedora-clang 0.8.9 363.00 NOTE
r-devel-linux-x86_64-fedora-gcc 0.8.9 365.41 NOTE
r-devel-windows-ix86+x86_64 0.8.9 46.00 518.00 564.00 OK
r-patched-linux-x86_64 0.8.9 21.71 280.90 302.61 OK
r-patched-solaris-x86 0.8.9 496.90 NOTE
r-release-linux-x86_64 0.8.9 22.40 279.26 301.66 OK
r-release-osx-x86_64 0.8.9 NOTE
r-release-windows-ix86+x86_64 0.8.9 44.00 621.00 665.00 OK
r-oldrel-osx-x86_64 0.8.9 NOTE
r-oldrel-windows-ix86+x86_64 0.8.9 78.00 582.00 660.00 OK

Additional issues

valgrind

Check Details

Version: 0.8.9
Check: dependencies in R code
Result: NOTE
    Namespace in Imports field not imported from: ‘methods’
     All declared Imports should be used.
Flavors: r-devel-linux-x86_64-fedora-clang, r-devel-linux-x86_64-fedora-gcc, r-patched-solaris-x86, r-release-osx-x86_64, r-oldrel-osx-x86_64