CRAN Package Check Results for Package vein

Last updated on 2023-12-04 07:51:26 CET.

Flavor Version Tinstall Tcheck Ttotal Status Flags
r-devel-linux-x86_64-debian-clang 1.0.2 1.58 3.16 4.74 ERROR
r-devel-linux-x86_64-debian-gcc 1.0.2 25.10 215.76 240.86 NOTE
r-devel-linux-x86_64-fedora-clang 1.0.2 6.25 ERROR
r-devel-linux-x86_64-fedora-gcc 1.0.2 416.93 NOTE
r-devel-windows-x86_64 1.0.2 31.00 230.00 261.00 NOTE
r-patched-linux-x86_64 1.0.2 30.73 271.51 302.24 OK
r-release-linux-x86_64 1.0.2 25.93 269.25 295.18 OK
r-release-macos-arm64 1.0.2 96.00 OK
r-release-macos-x86_64 1.0.2 243.00 NOTE
r-release-windows-x86_64 1.0.2 39.00 291.00 330.00 OK
r-oldrel-macos-arm64 1.0.2 94.00 OK
r-oldrel-macos-x86_64 1.0.2 131.00 OK
r-oldrel-windows-x86_64 1.0.2 39.00 266.00 305.00 OK

Check Details

Version: 1.0.2
Check: whether package can be installed
Result: ERROR Installation failed. Flavors: r-devel-linux-x86_64-debian-clang, r-devel-linux-x86_64-fedora-clang

Version: 1.0.2
Check: Rd files
Result: NOTE checkRd: (-1) speciate.Rd:23: Lost braces in \itemize; meant \describe ? checkRd: (-1) speciate.Rd:24: Lost braces in \itemize; meant \describe ? checkRd: (-1) speciate.Rd:25: Lost braces in \itemize; meant \describe ? checkRd: (-1) speciate.Rd:26: Lost braces in \itemize; meant \describe ? checkRd: (-1) speciate.Rd:27: Lost braces in \itemize; meant \describe ? checkRd: (-1) speciate.Rd:28: Lost braces in \itemize; meant \describe ? checkRd: (-1) speciate.Rd:29: Lost braces in \itemize; meant \describe ? checkRd: (-1) speciate.Rd:34: Lost braces in \itemize; meant \describe ? checkRd: (-1) speciate.Rd:35: Lost braces in \itemize; meant \describe ? checkRd: (-1) speciate.Rd:36: Lost braces in \itemize; meant \describe ? checkRd: (-1) speciate.Rd:37: Lost braces in \itemize; meant \describe ? checkRd: (-1) speciate.Rd:38: Lost braces in \itemize; meant \describe ? checkRd: (-1) speciate.Rd:39: Lost braces in \itemize; meant \describe ? checkRd: (-1) speciate.Rd:40: Lost braces in \itemize; meant \describe ? checkRd: (-1) speciate.Rd:45: Lost braces in \itemize; meant \describe ? checkRd: (-1) speciate.Rd:46: Lost braces in \itemize; meant \describe ? checkRd: (-1) speciate.Rd:47: Lost braces in \itemize; meant \describe ? checkRd: (-1) speciate.Rd:48: Lost braces in \itemize; meant \describe ? checkRd: (-1) speciate.Rd:49: Lost braces in \itemize; meant \describe ? checkRd: (-1) speciate.Rd:50: Lost braces in \itemize; meant \describe ? checkRd: (-1) speciate.Rd:51: Lost braces in \itemize; meant \describe ? checkRd: (-1) speciate.Rd:56: Lost braces in \itemize; meant \describe ? checkRd: (-1) speciate.Rd:57: Lost braces in \itemize; meant \describe ? checkRd: (-1) speciate.Rd:58: Lost braces in \itemize; meant \describe ? checkRd: (-1) speciate.Rd:59: Lost braces in \itemize; meant \describe ? checkRd: (-1) speciate.Rd:60: Lost braces in \itemize; meant \describe ? checkRd: (-1) speciate.Rd:61: Lost braces in \itemize; meant \describe ? checkRd: (-1) speciate.Rd:62: Lost braces in \itemize; meant \describe ? checkRd: (-1) speciate.Rd:141: Lost braces in \itemize; meant \describe ? checkRd: (-1) speciate.Rd:142: Lost braces in \itemize; meant \describe ? checkRd: (-1) speciate.Rd:143: Lost braces in \itemize; meant \describe ? checkRd: (-1) speciate.Rd:144: Lost braces in \itemize; meant \describe ? checkRd: (-1) speciate.Rd:145: Lost braces in \itemize; meant \describe ? checkRd: (-1) speciate.Rd:146: Lost braces in \itemize; meant \describe ? Flavor: r-devel-linux-x86_64-debian-gcc

Version: 1.0.2
Check: Rd \usage sections
Result: NOTE Documented arguments not in \usage in Rd file 'vein-deprecated.Rd': ‘object’ Functions with \usage entries need to have the appropriate \alias entries, and all their arguments documented. The \usage entries must correspond to syntactically valid R code. See chapter ‘Writing R documentation files’ in the ‘Writing R Extensions’ manual. Flavors: r-devel-linux-x86_64-debian-gcc, r-devel-linux-x86_64-fedora-gcc, r-devel-windows-x86_64

Version: 1.0.2
Check: data for non-ASCII characters
Result: NOTE Note: found 49 marked UTF-8 strings Flavor: r-devel-linux-x86_64-fedora-gcc

Version: 1.0.2
Check: installed package size
Result: NOTE installed size is 5.1Mb sub-directories of 1Mb or more: R 3.4Mb help 1.1Mb Flavor: r-release-macos-x86_64