CRAN Package Check Results for Package vennLasso

Last updated on 2019-10-15 01:50:35 CEST.

Flavor Version Tinstall Tcheck Ttotal Status Flags
r-devel-linux-x86_64-debian-clang 0.1.5 76.41 177.55 253.96 OK
r-devel-linux-x86_64-debian-gcc 0.1.5 72.83 134.06 206.89 OK
r-devel-linux-x86_64-fedora-clang 0.1.5 327.87 WARN
r-devel-linux-x86_64-fedora-gcc 0.1.5 335.09 OK
r-devel-windows-ix86+x86_64 0.1.5 110.00 309.00 419.00 OK
r-patched-linux-x86_64 0.1.5 81.82 177.31 259.13 OK
r-patched-solaris-x86 0.1.5 420.50 OK
r-release-linux-x86_64 0.1.5 80.91 178.61 259.52 OK
r-release-windows-ix86+x86_64 0.1.5 163.00 298.00 461.00 OK
r-release-osx-x86_64 0.1.5 NOTE
r-oldrel-windows-ix86+x86_64 0.1.5 111.00 218.00 329.00 OK
r-oldrel-osx-x86_64 0.1.5 NOTE

Check Details

Version: 0.1.5
Check: whether package can be installed
Result: WARN
    Found the following significant warnings:
     ./DataStd.h:149:60: warning: 'bind2nd<std::__1::minus<double>, double>' is deprecated [-Wdeprecated-declarations]
     ./DataStd.h:151:60: warning: 'bind2nd<std::__1::multiplies<double>, double>' is deprecated [-Wdeprecated-declarations]
Flavor: r-devel-linux-x86_64-fedora-clang

Version: 0.1.5
Check: installed package size
Result: NOTE
     installed size is 24.7Mb
     sub-directories of 1Mb or more:
     libs 24.2Mb
Flavors: r-devel-linux-x86_64-fedora-clang, r-release-osx-x86_64, r-oldrel-osx-x86_64