CRAN Package Check Results for Package vennLasso

Last updated on 2020-06-05 01:50:18 CEST.

Flavor Version Tinstall Tcheck Ttotal Status Flags
r-devel-linux-x86_64-debian-gcc 0.1.6 74.86 140.22 215.08 OK
r-devel-linux-x86_64-fedora-clang 0.1.6 357.70 NOTE
r-devel-linux-x86_64-fedora-gcc 0.1.6 345.42 OK
r-patched-solaris-x86 0.1.6 433.80 OK
r-release-linux-x86_64 0.1.6 77.22 181.80 259.02 OK
r-release-windows-ix86+x86_64 0.1.6 142.00 250.00 392.00 OK
r-oldrel-osx-x86_64 0.1.6 NOTE

Check Details

Version: 0.1.6
Check: installed package size
Result: NOTE
     installed size is 25.3Mb
     sub-directories of 1Mb or more:
     libs 24.8Mb
Flavors: r-devel-linux-x86_64-fedora-clang, r-oldrel-osx-x86_64