CRAN Package Check Results for Package vennLasso

Last updated on 2020-08-09 01:48:45 CEST.

Flavor Version Tinstall Tcheck Ttotal Status Flags
r-devel-linux-x86_64-debian-clang 0.1.6 93.13 188.32 281.45 OK
r-devel-linux-x86_64-debian-gcc 0.1.6 74.57 141.75 216.32 OK
r-devel-linux-x86_64-fedora-clang 0.1.6 357.43 NOTE
r-devel-linux-x86_64-fedora-gcc 0.1.6 346.50 OK
r-devel-windows-ix86+x86_64 0.1.6 155.00 319.00 474.00 OK
r-patched-linux-x86_64 0.1.6 83.33 182.97 266.30 OK
r-patched-solaris-x86 0.1.6 438.90 OK
r-release-linux-x86_64 0.1.6 81.85 183.61 265.46 OK
r-release-macos-x86_64 0.1.6 NOTE
r-release-windows-ix86+x86_64 0.1.6 180.00 236.00 416.00 OK
r-oldrel-macos-x86_64 0.1.6 NOTE
r-oldrel-windows-ix86+x86_64 0.1.6 125.00 259.00 384.00 OK

Check Details

Version: 0.1.6
Check: installed package size
Result: NOTE
     installed size is 25.4Mb
     sub-directories of 1Mb or more:
     libs 24.8Mb
Flavors: r-devel-linux-x86_64-fedora-clang, r-release-macos-x86_64, r-oldrel-macos-x86_64