CRAN Package Check Results for Package vesselr

Last updated on 2024-05-22 06:56:58 CEST.

Flavor Version Tinstall Tcheck Ttotal Status Flags
r-devel-linux-x86_64-debian-clang 0.2.1 6.01 49.88 55.89 NOTE
r-devel-linux-x86_64-debian-gcc 0.2.1 4.34 36.80 41.14 NOTE
r-devel-linux-x86_64-fedora-clang 0.2.1 67.58 NOTE
r-devel-linux-x86_64-fedora-gcc 0.2.1 63.41 NOTE
r-devel-windows-x86_64 0.2.1 4.00 59.00 63.00 NOTE
r-patched-linux-x86_64 0.2.1 6.73 48.19 54.92 NOTE
r-release-linux-x86_64 0.2.1 3.67 48.06 51.73 NOTE
r-release-macos-arm64 0.2.1 21.00 NOTE
r-release-windows-x86_64 0.2.1 5.00 61.00 66.00 NOTE
r-oldrel-macos-arm64 0.2.1 26.00 NOTE
r-oldrel-macos-x86_64 0.2.1 35.00 NOTE
r-oldrel-windows-x86_64 0.2.1 6.00 63.00 69.00 NOTE

Check Details

Version: 0.2.1
Check: LazyData
Result: NOTE 'LazyData' is specified without a 'data' directory Flavors: r-devel-linux-x86_64-debian-clang, r-devel-linux-x86_64-debian-gcc, r-devel-linux-x86_64-fedora-clang, r-devel-linux-x86_64-fedora-gcc, r-devel-windows-x86_64, r-patched-linux-x86_64, r-release-linux-x86_64, r-release-macos-arm64, r-release-windows-x86_64, r-oldrel-macos-arm64, r-oldrel-macos-x86_64, r-oldrel-windows-x86_64