CRAN Package Check Results for Package viewshed3d

Last updated on 2021-09-23 01:50:04 CEST.

Flavor Version Tinstall Tcheck Ttotal Status Flags
r-devel-linux-x86_64-debian-clang 4.0.0 4.24 52.67 56.91 OK
r-devel-linux-x86_64-debian-gcc 4.0.0 3.63 39.28 42.91 OK
r-devel-linux-x86_64-fedora-clang 4.0.0 75.97 NOTE
r-devel-linux-x86_64-fedora-gcc 4.0.0 62.59 NOTE
r-devel-windows-x86_64 4.0.0 6.00 61.00 67.00 OK
r-devel-windows-x86_64-gcc10-UCRT 4.0.0 ERROR
r-patched-linux-x86_64 4.0.0 4.31 40.70 45.01 OK
r-patched-solaris-x86 4.0.0 84.60 NOTE
r-release-linux-x86_64 4.0.0 3.82 41.17 44.99 OK
r-release-macos-arm64 4.0.0 NOTE
r-release-macos-x86_64 4.0.0 NOTE
r-release-windows-ix86+x86_64 4.0.0 9.00 42.00 51.00 OK
r-oldrel-macos-x86_64 4.0.0 NOTE
r-oldrel-windows-ix86+x86_64 4.0.0 8.00 45.00 53.00 OK

Check Details

Version: 4.0.0
Check: dependencies in R code
Result: NOTE
    Namespaces in Imports field not imported from:
     ‘plotrix’ ‘sp’ ‘viridis’
     All declared Imports should be used.
Flavors: r-devel-linux-x86_64-fedora-clang, r-devel-linux-x86_64-fedora-gcc, r-patched-solaris-x86, r-release-macos-arm64, r-release-macos-x86_64, r-oldrel-macos-x86_64

Version: 4.0.0
Check: package dependencies
Result: ERROR
    Packages required but not available: 'lidR', 'rgl', 'hyper.fit'
    
    See section 'The DESCRIPTION file' in the 'Writing R Extensions'
    manual.
Flavor: r-devel-windows-x86_64-gcc10-UCRT