Last updated on 2023-09-25 08:02:42 CEST.
Flavor | Version | Tinstall | Tcheck | Ttotal | Status | Flags |
---|---|---|---|---|---|---|
r-devel-linux-x86_64-debian-clang | 1.1.5 | 19.66 | 131.16 | 150.82 | OK | |
r-devel-linux-x86_64-debian-gcc | 1.1.5 | 11.64 | 100.47 | 112.11 | OK | |
r-devel-linux-x86_64-fedora-clang | 1.1.5 | 181.46 | NOTE | |||
r-devel-linux-x86_64-fedora-gcc | 1.1.5 | 177.37 | NOTE | |||
r-devel-windows-x86_64 | 1.1.5 | 17.00 | 119.00 | 136.00 | OK | |
r-patched-linux-x86_64 | 1.1.5 | 16.24 | 129.38 | 145.62 | OK | |
r-release-linux-x86_64 | 1.1.5 | 18.90 | 129.88 | 148.78 | OK | |
r-release-macos-arm64 | 1.1.5 | 55.00 | OK | |||
r-release-macos-x86_64 | 1.1.5 | 89.00 | OK | |||
r-release-windows-x86_64 | 1.1.5 | 20.00 | 143.00 | 163.00 | OK | |
r-oldrel-macos-arm64 | 1.1.5 | 54.00 | OK | |||
r-oldrel-macos-x86_64 | 1.1.5 | 66.00 | OK | |||
r-oldrel-windows-x86_64 | 1.1.5 | 22.00 | 152.00 | 174.00 | OK |
Version: 1.1.5
Check: compiled code
Result: NOTE
File ‘vines/libs/vines.so’:
Found no call to: ‘R_useDynamicSymbols’
It is good practice to register native routines and to disable symbol
search.
See ‘Writing portable packages’ in the ‘Writing R Extensions’ manual.
Flavors: r-devel-linux-x86_64-fedora-clang, r-devel-linux-x86_64-fedora-gcc