Last updated on 2021-03-06 00:47:54 CET.
Flavor | Version | Tinstall | Tcheck | Ttotal | Status | Flags |
---|---|---|---|---|---|---|
r-devel-linux-x86_64-debian-clang | 0.3.5 | 4.30 | 51.79 | 56.09 | OK | |
r-devel-linux-x86_64-debian-gcc | 0.3.5 | 3.47 | 40.93 | 44.40 | OK | |
r-devel-linux-x86_64-fedora-clang | 0.3.5 | 77.85 | OK | |||
r-devel-linux-x86_64-fedora-gcc | 0.3.5 | 69.62 | OK | |||
r-devel-windows-ix86+x86_64 | 0.3.5 | 7.00 | 70.00 | 77.00 | OK | |
r-patched-linux-x86_64 | 0.3.5 | OK | ||||
r-patched-solaris-x86 | 0.3.5 | 104.20 | OK | |||
r-release-linux-x86_64 | 0.3.5 | 4.74 | 51.17 | 55.91 | OK | |
r-release-macos-x86_64 | 0.3.5 | OK | ||||
r-release-windows-ix86+x86_64 | 0.3.5 | 8.00 | 52.00 | 60.00 | OK | |
r-oldrel-macos-x86_64 | 0.3.5 | WARN | ||||
r-oldrel-windows-ix86+x86_64 | 0.3.5 | 4.00 | 52.00 | 56.00 | OK |
Version: 0.3.5
Check: dependencies in R code
Result: NOTE
No protocol specified
No protocol specified
Flavor: r-oldrel-macos-x86_64
Version: 0.3.5
Check: S3 generic/method consistency
Result: WARN
No protocol specified
No protocol specified
See section ‘Generic functions and methods’ in the ‘Writing R
Extensions’ manual.
Flavor: r-oldrel-macos-x86_64
Version: 0.3.5
Check: replacement functions
Result: WARN
No protocol specified
No protocol specified
The argument of a replacement function which corresponds to the right
hand side must be named ‘value’.
Flavor: r-oldrel-macos-x86_64
Version: 0.3.5
Check: foreign function calls
Result: NOTE
No protocol specified
No protocol specified
See chapter ‘System and foreign language interfaces’ in the ‘Writing R
Extensions’ manual.
Flavor: r-oldrel-macos-x86_64
Version: 0.3.5
Check: R code for possible problems
Result: NOTE
No protocol specified
No protocol specified
Flavor: r-oldrel-macos-x86_64
Version: 0.3.5
Check: for missing documentation entries
Result: WARN
No protocol specified
No protocol specified
All user-level objects in a package should have documentation entries.
See chapter ‘Writing R documentation files’ in the ‘Writing R
Extensions’ manual.
Flavor: r-oldrel-macos-x86_64
Version: 0.3.5
Check: for code/documentation mismatches
Result: WARN
No protocol specified
No protocol specified
No protocol specified
No protocol specified
No protocol specified
No protocol specified
Flavor: r-oldrel-macos-x86_64
Version: 0.3.5
Check: Rd \usage sections
Result: NOTE
No protocol specified
No protocol specified
The \usage entries for S3 methods should use the \method markup and not
their full name.
See chapter ‘Writing R documentation files’ in the ‘Writing R
Extensions’ manual.
Flavor: r-oldrel-macos-x86_64