CRAN Package Check Results for Package vip

Last updated on 2020-07-15 02:47:14 CEST.

Flavor Version Tinstall Tcheck Ttotal Status Flags
r-devel-linux-x86_64-debian-clang 0.2.2 3.88 160.53 164.41 OK
r-devel-linux-x86_64-debian-gcc 0.2.2 3.22 113.88 117.10 OK
r-devel-linux-x86_64-fedora-clang 0.2.2 178.14 NOTE
r-devel-linux-x86_64-fedora-gcc 0.2.2 184.77 OK
r-devel-windows-ix86+x86_64 0.2.2 11.00 139.00 150.00 OK
r-patched-linux-x86_64 0.2.2 4.35 148.04 152.39 OK
r-patched-solaris-x86 0.2.2 300.60 OK
r-release-linux-x86_64 0.2.2 3.39 151.64 155.03 OK
r-release-macos-x86_64 0.2.2 FAIL
r-release-windows-ix86+x86_64 0.2.2 13.00 193.00 206.00 OK
r-oldrel-macos-x86_64 0.2.2 OK
r-oldrel-windows-ix86+x86_64 0.2.2 10.00 191.00 201.00 OK

Check Details

Version: 0.2.2
Check: Rd cross-references
Result: NOTE
    Undeclared package ‘foreach’ in Rd xrefs
Flavor: r-devel-linux-x86_64-fedora-clang

Version: 0.2.2
Check: DESCRIPTION meta-information
Result: FAIL
Flavor: r-release-macos-x86_64