CRAN Package Check Results for Package visNetwork

Last updated on 2022-12-01 01:52:05 CET.

Flavor Version Tinstall Tcheck Ttotal Status Flags
r-devel-linux-x86_64-debian-clang 2.1.2 11.79 79.18 90.97 OK
r-devel-linux-x86_64-debian-gcc 2.1.2 8.58 59.92 68.50 OK
r-devel-linux-x86_64-fedora-clang 2.1.2 126.45 NOTE
r-devel-linux-x86_64-fedora-gcc 2.1.2 134.39 OK
r-devel-windows-x86_64 2.1.2 211.00 153.00 364.00 NOTE
r-patched-linux-x86_64 2.1.2 14.39 70.72 85.11 OK
r-release-linux-x86_64 2.1.2 10.64 71.62 82.26 OK
r-release-macos-arm64 2.1.2 32.00 NOTE
r-release-macos-x86_64 2.1.2 46.00 NOTE
r-release-windows-x86_64 2.1.2 152.00 133.00 285.00 NOTE
r-oldrel-macos-arm64 2.1.2 35.00 NOTE
r-oldrel-macos-x86_64 2.1.2 52.00 NOTE
r-oldrel-windows-ix86+x86_64 2.1.2 21.00 104.00 125.00 NOTE

Check Details

Version: 2.1.2
Check: installed package size
Result: NOTE
     installed size is 10.9Mb
     sub-directories of 1Mb or more:
     doc 2.0Mb
     htmlwidgets 7.0Mb
Flavors: r-devel-linux-x86_64-fedora-clang, r-devel-windows-x86_64, r-release-macos-arm64, r-release-macos-x86_64, r-release-windows-x86_64, r-oldrel-macos-arm64, r-oldrel-macos-x86_64, r-oldrel-windows-ix86+x86_64