Last updated on 2023-02-06 00:52:47 CET.
Flavor | Version | Tinstall | Tcheck | Ttotal | Status | Flags |
---|---|---|---|---|---|---|
r-devel-linux-x86_64-debian-clang | 3.0.0 | 3.60 | 36.05 | 39.65 | OK | |
r-devel-linux-x86_64-debian-gcc | 3.0.0 | 3.12 | 28.98 | 32.10 | OK | |
r-devel-linux-x86_64-fedora-clang | 3.0.0 | 50.72 | NOTE | |||
r-devel-linux-x86_64-fedora-gcc | 3.0.0 | 53.03 | OK | |||
r-devel-windows-x86_64 | 3.0.0 | 224.00 | 98.00 | 322.00 | NOTE | |
r-patched-linux-x86_64 | 3.0.0 | 4.28 | 35.86 | 40.14 | OK | |
r-release-linux-x86_64 | 2.2.0 | 3.78 | 34.43 | 38.21 | OK | |
r-release-macos-arm64 | 3.0.0 | 18.00 | NOTE | |||
r-release-macos-x86_64 | 3.0.0 | 28.00 | NOTE | |||
r-release-windows-x86_64 | 2.2.0 | 174.00 | 87.00 | 261.00 | NOTE | |
r-oldrel-macos-arm64 | 3.0.0 | 29.00 | NOTE | |||
r-oldrel-macos-x86_64 | 3.0.0 | 32.00 | NOTE | |||
r-oldrel-windows-ix86+x86_64 | 3.0.0 | 9.00 | 62.00 | 71.00 | NOTE |
Version: 3.0.0
Check: installed package size
Result: NOTE
installed size is 6.5Mb
sub-directories of 1Mb or more:
help 1.3Mb
htmlwidgets 5.1Mb
Flavors: r-devel-linux-x86_64-fedora-clang, r-devel-windows-x86_64, r-release-macos-arm64, r-release-macos-x86_64, r-oldrel-macos-arm64, r-oldrel-macos-x86_64, r-oldrel-windows-ix86+x86_64
Version: 2.2.0
Check: installed package size
Result: NOTE
installed size is 6.4Mb
sub-directories of 1Mb or more:
help 1.3Mb
htmlwidgets 5.1Mb
Flavor: r-release-windows-x86_64