CRAN Package Check Results for Package visualFields

Last updated on 2021-09-16 01:49:52 CEST.

Flavor Version Tinstall Tcheck Ttotal Status Flags
r-devel-linux-x86_64-debian-clang 1.0 31.58 155.24 186.82 OK
r-devel-linux-x86_64-debian-gcc 1.0 25.63 113.32 138.95 OK
r-devel-linux-x86_64-fedora-clang 1.0 233.28 NOTE
r-devel-linux-x86_64-fedora-gcc 1.0 213.87 OK
r-devel-windows-x86_64 1.0 32.00 183.00 215.00 NOTE
r-devel-windows-x86_64-gcc10-UCRT 1.0 OK
r-patched-linux-x86_64 1.0 33.57 145.21 178.78 OK
r-patched-solaris-x86 1.0 320.00 NOTE
r-release-linux-x86_64 1.0 27.50 143.26 170.76 OK
r-release-macos-arm64 1.0 NOTE
r-release-macos-x86_64 1.0 NOTE
r-release-windows-ix86+x86_64 1.0 58.00 130.00 188.00 NOTE
r-oldrel-macos-x86_64 1.0 NOTE
r-oldrel-windows-ix86+x86_64 1.0 42.00 177.00 219.00 NOTE

Check Details

Version: 1.0
Check: installed package size
Result: NOTE
     installed size is 6.3Mb
     sub-directories of 1Mb or more:
     data 5.9Mb
Flavors: r-devel-linux-x86_64-fedora-clang, r-devel-windows-x86_64, r-patched-solaris-x86, r-release-macos-arm64, r-release-macos-x86_64, r-release-windows-ix86+x86_64, r-oldrel-macos-x86_64, r-oldrel-windows-ix86+x86_64