CRAN Package Check Results for Package vita

Last updated on 2023-02-02 00:55:03 CET.

Flavor Version Tinstall Tcheck Ttotal Status Flags
r-devel-linux-x86_64-debian-clang 1.0.0 32.70 44.73 77.43 NOTE
r-devel-linux-x86_64-debian-gcc 1.0.0 26.21 34.77 60.98 NOTE
r-devel-linux-x86_64-fedora-clang 1.0.0 108.10 NOTE
r-devel-linux-x86_64-fedora-gcc 1.0.0 96.03 NOTE
r-patched-linux-x86_64 1.0.0 27.29 42.13 69.42 NOTE
r-release-linux-x86_64 1.0.0 26.06 42.72 68.78 NOTE
r-release-macos-arm64 1.0.0 31.00 NOTE
r-release-macos-x86_64 1.0.0 42.00 NOTE
r-release-windows-x86_64 1.0.0 34.00 100.00 134.00 NOTE
r-oldrel-macos-arm64 1.0.0 38.00 NOTE
r-oldrel-macos-x86_64 1.0.0 62.00 NOTE
r-oldrel-windows-ix86+x86_64 1.0.0 76.00 112.00 188.00 NOTE

Check Details

Version: 1.0.0
Check: LazyData
Result: NOTE
     'LazyData' is specified without a 'data' directory
Flavors: r-devel-linux-x86_64-debian-clang, r-devel-linux-x86_64-debian-gcc, r-devel-linux-x86_64-fedora-clang, r-devel-linux-x86_64-fedora-gcc, r-patched-linux-x86_64, r-release-linux-x86_64, r-release-macos-arm64, r-release-macos-x86_64, r-release-windows-x86_64, r-oldrel-macos-arm64, r-oldrel-macos-x86_64, r-oldrel-windows-ix86+x86_64

Version: 1.0.0
Check: compiled code
Result: NOTE
    File ‘vita/libs/vita.so’:
     Found no calls to: ‘R_registerRoutines’, ‘R_useDynamicSymbols’
    
    It is good practice to register native routines and to disable symbol
    search.
    
    See ‘Writing portable packages’ in the ‘Writing R Extensions’ manual.
Flavors: r-devel-linux-x86_64-fedora-clang, r-devel-linux-x86_64-fedora-gcc