CRAN Package Check Results for Package vkR

Last updated on 2020-07-10 01:49:16 CEST.

Flavor Version Tinstall Tcheck Ttotal Status Flags
r-devel-linux-x86_64-debian-clang 0.1 4.12 31.59 35.71 NOTE
r-devel-linux-x86_64-debian-gcc 0.1 3.68 24.34 28.02 NOTE
r-devel-linux-x86_64-fedora-clang 0.1 50.46 NOTE
r-devel-linux-x86_64-fedora-gcc 0.1 41.91 NOTE
r-devel-windows-ix86+x86_64 0.1 7.00 47.00 54.00 NOTE
r-patched-linux-x86_64 0.1 4.70 31.18 35.88 NOTE
r-patched-solaris-x86 0.1 58.10 NOTE
r-release-linux-x86_64 0.1 4.22 31.34 35.56 NOTE
r-release-osx-x86_64 0.1 NOTE
r-release-windows-ix86+x86_64 0.1 7.00 59.00 66.00 NOTE
r-oldrel-osx-x86_64 0.1 NOTE
r-oldrel-windows-ix86+x86_64 0.1 12.00 55.00 67.00 NOTE

Check Details

Version: 0.1
Check: dependencies in R code
Result: NOTE
    Missing or unexported object: 'jsonlite::rbind.pages'
Flavors: r-devel-linux-x86_64-debian-clang, r-devel-linux-x86_64-debian-gcc, r-devel-linux-x86_64-fedora-clang, r-devel-linux-x86_64-fedora-gcc, r-devel-windows-ix86+x86_64, r-patched-linux-x86_64, r-patched-solaris-x86, r-release-linux-x86_64, r-release-osx-x86_64, r-release-windows-ix86+x86_64, r-oldrel-osx-x86_64, r-oldrel-windows-ix86+x86_64