CRAN Package Check Results for Package vmsbase

Last updated on 2020-09-26 02:09:30 CEST.

Flavor Version Tinstall Tcheck Ttotal Status Flags
r-devel-linux-x86_64-debian-clang 2.2.1 45.10 230.10 275.20 OK
r-devel-linux-x86_64-debian-gcc 2.2.1 44.80 211.75 256.55 OK
r-devel-linux-x86_64-fedora-clang 2.2.1 478.02 NOTE
r-devel-linux-x86_64-fedora-gcc 2.2.1 740.14 OK
r-devel-windows-ix86+x86_64 2.2.1 70.00 255.00 325.00 OK
r-patched-linux-x86_64 2.2.1 46.66 207.50 254.16 OK
r-patched-solaris-x86 2.2.1 445.00 OK
r-release-linux-x86_64 2.2.1 49.99 206.72 256.71 OK
r-release-macos-x86_64 2.2.1 OK
r-release-windows-ix86+x86_64 2.2.1 86.00 250.00 336.00 OK
r-oldrel-macos-x86_64 2.2.1 ERROR
r-oldrel-windows-ix86+x86_64 2.2.1 78.00 227.00 305.00 OK

Check Details

Version: 2.2.1
Check: package dependencies
Result: NOTE
    Imports includes 23 non-default packages.
    Importing from so many packages makes the package vulnerable to any of
    them becoming unavailable. Move as many as possible to Suggests and
    use conditionally.
Flavor: r-devel-linux-x86_64-fedora-clang

Version: 2.2.1
Check: package dependencies
Result: ERROR
    Package required but not available: ‘gWidgets2RGtk2’
    
    See section ‘The DESCRIPTION file’ in the ‘Writing R Extensions’
    manual.
Flavor: r-oldrel-macos-x86_64