CRAN Package Check Results for Package volcano3D

Last updated on 2023-01-28 01:50:25 CET.

Flavor Version Tinstall Tcheck Ttotal Status Flags
r-devel-linux-x86_64-debian-clang 2.0.8 10.70 126.03 136.73 OK
r-devel-linux-x86_64-debian-gcc 2.0.8 9.19 92.46 101.65 OK
r-devel-linux-x86_64-fedora-clang 2.0.8 174.89 OK
r-devel-linux-x86_64-fedora-gcc 2.0.8 184.22 OK
r-patched-linux-x86_64 2.0.8 11.75 115.77 127.52 ERROR
r-release-linux-x86_64 2.0.8 9.86 118.04 127.90 OK
r-release-macos-arm64 2.0.8 56.00 OK
r-release-macos-x86_64 2.0.8 75.00 OK
r-release-windows-x86_64 2.0.8 43.00 180.00 223.00 OK
r-oldrel-macos-arm64 2.0.8 54.00 OK
r-oldrel-macos-x86_64 2.0.8 80.00 OK
r-oldrel-windows-ix86+x86_64 2.0.8 29.00 162.00 191.00 OK

Check Details

Version: 2.0.8
Check: re-building of vignette outputs
Result: ERROR
    Error(s) in re-building vignettes:
     ...
    --- re-building ‘Vignette.rmd’ using rmarkdown
    Could not fetch https://travis-ci.org/KatrionaGoldmann/volcano3D.svg?branch=master
    HttpExceptionRequest Request {
     host = "travis-ci.org"
     port = 443
     secure = True
     requestHeaders = []
     path = "/KatrionaGoldmann/volcano3D.svg"
     queryString = "?branch=master"
     method = "GET"
     proxy = Nothing
     rawBody = False
     redirectCount = 10
     responseTimeout = ResponseTimeoutDefault
     requestVersion = HTTP/1.1
     proxySecureMode = ProxySecureWithConnect
    }
     (InternalException (HandshakeFailed (Error_Protocol ("certificate has expired",True,CertificateExpired))))
    Error: processing vignette ‘Vignette.rmd’ failed with diagnostics:
    pandoc document conversion failed with error 61
    --- failed re-building ‘Vignette.rmd’
    
    --- re-building ‘Vignette_2x3.Rmd’ using rmarkdown
    --- finished re-building ‘Vignette_2x3.Rmd’
    
    SUMMARY: processing the following file failed:
     ‘Vignette.rmd’
    
    Error: Vignette re-building failed.
    Execution halted
Flavor: r-patched-linux-x86_64