Last updated on 2023-02-07 00:54:34 CET.
Flavor | Version | Tinstall | Tcheck | Ttotal | Status | Flags |
---|---|---|---|---|---|---|
r-devel-linux-x86_64-debian-clang | 0.1.1 | 11.39 | 109.17 | 120.56 | OK | |
r-devel-linux-x86_64-debian-gcc | 0.1.1 | 7.89 | 81.37 | 89.26 | OK | |
r-devel-linux-x86_64-fedora-clang | 0.1.1 | 143.96 | NOTE | |||
r-devel-linux-x86_64-fedora-gcc | 0.1.1 | 168.88 | OK | |||
r-devel-windows-x86_64 | 0.1.1 | 38.00 | 137.00 | 175.00 | OK | |
r-patched-linux-x86_64 | 0.1.1 | 14.29 | 107.95 | 122.24 | OK | |
r-release-linux-x86_64 | 0.1.1 | 9.44 | 108.06 | 117.50 | OK | |
r-release-macos-arm64 | 0.1.1 | 53.00 | OK | |||
r-release-macos-x86_64 | 0.1.1 | 66.00 | OK | |||
r-release-windows-x86_64 | 0.1.1 | 26.00 | 159.00 | 185.00 | OK | |
r-oldrel-macos-arm64 | 0.1.1 | 51.00 | OK | |||
r-oldrel-macos-x86_64 | 0.1.1 | 67.00 | OK | |||
r-oldrel-windows-ix86+x86_64 | 0.1.1 | 25.00 | 139.00 | 164.00 | OK |
Version: 0.1.1
Check: Rd cross-references
Result: NOTE
Undeclared package ‘progress’ in Rd xrefs
Flavor: r-devel-linux-x86_64-fedora-clang