CRAN Package Check Results for Package vtable

Last updated on 2020-04-09 01:53:30 CEST.

Flavor Version Tinstall Tcheck Ttotal Status Flags
r-devel-linux-x86_64-debian-clang 1.0.1 6.16 47.55 53.71 OK
r-devel-linux-x86_64-debian-gcc 1.0.1 4.72 38.04 42.76 OK
r-devel-linux-x86_64-fedora-clang 1.0.1 64.77 NOTE
r-devel-linux-x86_64-fedora-gcc 1.0.1 64.02 NOTE
r-devel-windows-ix86+x86_64 1.0.1 13.00 88.00 101.00 OK
r-devel-windows-ix86+x86_64-gcc8 0.6.0 8.00 39.00 47.00 OK
r-patched-linux-x86_64 1.0.1 5.04 47.47 52.51 OK
r-patched-solaris-x86 1.0.1 77.80 NOTE
r-release-linux-x86_64 1.0.1 5.38 44.49 49.87 OK
r-release-windows-ix86+x86_64 1.0.1 9.00 63.00 72.00 OK
r-release-osx-x86_64 0.6.0 OK
r-oldrel-windows-ix86+x86_64 1.0.1 10.00 64.00 74.00 OK
r-oldrel-osx-x86_64 0.6.0 OK

Check Details

Version: 1.0.1
Check: dependencies in R code
Result: NOTE
    Namespace in Imports field not imported from: ‘haven’
     All declared Imports should be used.
Flavors: r-devel-linux-x86_64-fedora-clang, r-devel-linux-x86_64-fedora-gcc, r-patched-solaris-x86