CRAN Package Check Results for Package wNNSel

Last updated on 2021-09-26 01:50:10 CEST.

Flavor Version Tinstall Tcheck Ttotal Status Flags
r-devel-linux-x86_64-debian-clang 0.1 2.70 36.92 39.62 NOTE
r-devel-linux-x86_64-debian-gcc 0.1 1.96 28.21 30.17 NOTE
r-devel-linux-x86_64-fedora-clang 0.1 56.13 NOTE
r-devel-linux-x86_64-fedora-gcc 0.1 45.45 NOTE
r-devel-windows-x86_64 0.1 3.00 42.00 45.00 NOTE
r-devel-windows-x86_64-gcc10-UCRT 0.1 NOTE
r-patched-linux-x86_64 0.1 2.25 35.53 37.78 NOTE
r-patched-solaris-x86 0.1 63.90 NOTE
r-release-linux-x86_64 0.1 2.24 35.21 37.45 NOTE
r-release-macos-arm64 0.1 NOTE
r-release-macos-x86_64 0.1 NOTE
r-release-windows-ix86+x86_64 0.1 6.00 42.00 48.00 NOTE
r-oldrel-macos-x86_64 0.1 OK
r-oldrel-windows-ix86+x86_64 0.1 5.00 40.00 45.00 OK

Check Details

Version: 0.1
Check: LazyData
Result: NOTE
     'LazyData' is specified without a 'data' directory
Flavors: r-devel-linux-x86_64-debian-clang, r-devel-linux-x86_64-debian-gcc, r-devel-linux-x86_64-fedora-clang, r-devel-linux-x86_64-fedora-gcc, r-devel-windows-x86_64, r-devel-windows-x86_64-gcc10-UCRT, r-patched-linux-x86_64, r-patched-solaris-x86, r-release-linux-x86_64, r-release-macos-arm64, r-release-macos-x86_64, r-release-windows-ix86+x86_64