CRAN Package Check Results for Package waccR

Last updated on 2019-10-13 01:46:30 CEST.

Flavor Version Tinstall Tcheck Ttotal Status Flags
r-devel-linux-x86_64-debian-clang 0.1.0 3.36 32.15 35.51 OK
r-devel-linux-x86_64-debian-gcc 0.1.0 2.96 25.67 28.63 OK
r-devel-linux-x86_64-fedora-clang 0.1.0 46.89 NOTE
r-devel-linux-x86_64-fedora-gcc 0.1.0 42.86 NOTE
r-devel-windows-ix86+x86_64 0.1.0 10.00 74.00 84.00 OK
r-patched-linux-x86_64 0.1.0 2.67 30.80 33.47 OK
r-patched-solaris-x86 0.1.0 65.10 NOTE
r-release-linux-x86_64 0.1.0 3.57 31.10 34.67 OK
r-release-windows-ix86+x86_64 0.1.0 13.00 67.00 80.00 OK
r-release-osx-x86_64 0.1.0 NOTE
r-oldrel-windows-ix86+x86_64 0.1.0 5.00 50.00 55.00 OK
r-oldrel-osx-x86_64 0.1.0 NOTE

Check Details

Version: 0.1.0
Check: dependencies in R code
Result: NOTE
    Namespaces in Imports field not imported from:
     ‘lubridate’ ‘tibble’
     All declared Imports should be used.
Flavors: r-devel-linux-x86_64-fedora-clang, r-devel-linux-x86_64-fedora-gcc, r-patched-solaris-x86, r-release-osx-x86_64, r-oldrel-osx-x86_64