CRAN Package Check Results for Package wal

Last updated on 2023-02-06 00:52:47 CET.

Flavor Version Tinstall Tcheck Ttotal Status Flags
r-devel-linux-x86_64-debian-clang 0.1.0 5.65 68.97 74.62 NOTE
r-devel-linux-x86_64-debian-gcc 0.1.0 4.46 51.96 56.42 NOTE
r-devel-linux-x86_64-fedora-clang 0.1.0 96.46 NOTE
r-devel-linux-x86_64-fedora-gcc 0.1.0 109.45 NOTE
r-devel-windows-x86_64 0.1.0 43.00 106.00 149.00 NOTE
r-patched-linux-x86_64 0.1.0 5.90 68.66 74.56 NOTE
r-release-linux-x86_64 0.1.0 4.83 66.36 71.19 NOTE
r-release-macos-arm64 0.1.0 22.00 NOTE
r-release-macos-x86_64 0.1.0 41.00 NOTE
r-release-windows-x86_64 0.1.0 32.00 108.00 140.00 NOTE
r-oldrel-macos-arm64 0.1.0 35.00 NOTE
r-oldrel-macos-x86_64 0.1.0 54.00 NOTE
r-oldrel-windows-ix86+x86_64 0.1.0 13.00 99.00 112.00 NOTE

Check Details

Version: 0.1.0
Check: LazyData
Result: NOTE
     'LazyData' is specified without a 'data' directory
Flavors: r-devel-linux-x86_64-debian-clang, r-devel-linux-x86_64-debian-gcc, r-devel-linux-x86_64-fedora-clang, r-devel-linux-x86_64-fedora-gcc, r-devel-windows-x86_64, r-patched-linux-x86_64, r-release-linux-x86_64, r-release-macos-arm64, r-release-macos-x86_64, r-release-windows-x86_64, r-oldrel-macos-arm64, r-oldrel-macos-x86_64, r-oldrel-windows-ix86+x86_64