CRAN Package Check Results for Package warbleR

Last updated on 2021-09-19 01:50:36 CEST.

Flavor Version Tinstall Tcheck Ttotal Status Flags
r-devel-linux-x86_64-debian-clang 1.1.26 45.56 223.38 268.94 OK
r-devel-linux-x86_64-debian-gcc 1.1.26 37.27 158.94 196.21 OK
r-devel-linux-x86_64-fedora-clang 1.1.26 329.69 NOTE
r-devel-linux-x86_64-fedora-gcc 1.1.26 297.71 NOTE
r-devel-windows-x86_64 1.1.26 52.00 279.00 331.00 NOTE
r-devel-windows-x86_64-gcc10-UCRT 1.1.26 NOTE
r-patched-linux-x86_64 1.1.26 40.17 219.49 259.66 OK
r-patched-solaris-x86 1.1.26 365.80 NOTE
r-release-linux-x86_64 1.1.26 42.64 215.77 258.41 OK
r-release-macos-arm64 1.1.26 NOTE
r-release-macos-x86_64 1.1.26 NOTE
r-release-windows-ix86+x86_64 1.1.26 89.00 266.00 355.00 NOTE
r-oldrel-macos-x86_64 1.1.26 NOTE
r-oldrel-windows-ix86+x86_64 1.1.26 88.00 267.00 355.00 NOTE

Check Details

Version: 1.1.26
Check: installed package size
Result: NOTE
     installed size is 7.6Mb
     sub-directories of 1Mb or more:
     R 1.1Mb
     doc 5.5Mb
Flavors: r-devel-linux-x86_64-fedora-clang, r-devel-windows-x86_64, r-patched-solaris-x86, r-release-macos-arm64, r-release-macos-x86_64, r-release-windows-ix86+x86_64, r-oldrel-macos-x86_64, r-oldrel-windows-ix86+x86_64

Version: 1.1.26
Check: dependencies in R code
Result: NOTE
    Namespace in Imports field not imported from: ‘stringi’
     All declared Imports should be used.
Flavors: r-devel-linux-x86_64-fedora-clang, r-devel-linux-x86_64-fedora-gcc, r-devel-windows-x86_64-gcc10-UCRT, r-patched-solaris-x86, r-release-macos-arm64, r-release-macos-x86_64, r-oldrel-macos-x86_64