CRAN Package Check Results for Package warbleR

Last updated on 2021-01-20 00:48:34 CET.

Flavor Version Tinstall Tcheck Ttotal Status Flags
r-devel-linux-x86_64-debian-clang 1.1.24 37.91 220.20 258.11 WARN
r-devel-linux-x86_64-debian-gcc 1.1.24 27.51 157.35 184.86 WARN
r-devel-linux-x86_64-fedora-clang 1.1.24 319.69 WARN
r-devel-linux-x86_64-fedora-gcc 1.1.24 295.81 WARN
r-devel-windows-ix86+x86_64 1.1.24 41.00 220.00 261.00 WARN
r-patched-linux-x86_64 1.1.24 35.42 197.09 232.51 WARN
r-patched-solaris-x86 1.1.24 359.20 WARN
r-release-linux-x86_64 1.1.24 29.63 198.28 227.91 WARN
r-release-macos-x86_64 1.1.24 NOTE
r-release-windows-ix86+x86_64 1.1.24 44.00 191.00 235.00 WARN
r-oldrel-macos-x86_64 1.1.24 NOTE
r-oldrel-windows-ix86+x86_64 1.1.24 35.00 174.00 209.00 WARN

Check Details

Version: 1.1.24
Check: dependencies in R code
Result: WARN
    Missing or unexported object: 'bioacoustics::resample'
Flavors: r-devel-linux-x86_64-debian-clang, r-devel-linux-x86_64-debian-gcc, r-devel-linux-x86_64-fedora-clang, r-devel-linux-x86_64-fedora-gcc, r-devel-windows-ix86+x86_64

Version: 1.1.24
Check: Rd cross-references
Result: WARN
    Missing link or links in documentation object 'fixwavs.Rd':
     '[bioacoustics]{resample}'
    
    Missing link or links in documentation object 'mp32wav.Rd':
     '[bioacoustics]{resample}'
    
    See section 'Cross-references' in the 'Writing R Extensions' manual.
Flavors: r-devel-linux-x86_64-debian-clang, r-devel-linux-x86_64-debian-gcc, r-devel-linux-x86_64-fedora-clang, r-devel-linux-x86_64-fedora-gcc, r-devel-windows-ix86+x86_64, r-patched-linux-x86_64, r-patched-solaris-x86, r-release-linux-x86_64, r-release-windows-ix86+x86_64, r-oldrel-windows-ix86+x86_64

Version: 1.1.24
Check: installed package size
Result: NOTE
     installed size is 7.1Mb
     sub-directories of 1Mb or more:
     R 1.1Mb
     doc 5.5Mb
Flavors: r-devel-linux-x86_64-fedora-clang, r-devel-windows-ix86+x86_64, r-patched-solaris-x86, r-release-macos-x86_64, r-release-windows-ix86+x86_64, r-oldrel-macos-x86_64, r-oldrel-windows-ix86+x86_64

Version: 1.1.24
Check: dependencies in R code
Result: NOTE
    Missing or unexported object: ‘bioacoustics::resample’
Flavors: r-patched-linux-x86_64, r-patched-solaris-x86, r-release-linux-x86_64, r-release-windows-ix86+x86_64, r-oldrel-windows-ix86+x86_64