CRAN Package Check Results for Package warpMix

Last updated on 2020-04-09 01:53:30 CEST.

Flavor Version Tinstall Tcheck Ttotal Status Flags
r-devel-linux-x86_64-debian-clang 0.1.0 11.58 86.32 97.90 OK
r-devel-linux-x86_64-debian-gcc 0.1.0 8.70 66.98 75.68 OK
r-devel-linux-x86_64-fedora-clang 0.1.0 114.52 NOTE
r-devel-linux-x86_64-fedora-gcc 0.1.0 124.52 NOTE
r-devel-windows-ix86+x86_64 0.1.0 22.00 128.00 150.00 OK
r-devel-windows-ix86+x86_64-gcc8 0.1.0 22.00 95.00 117.00 OK
r-patched-linux-x86_64 0.1.0 11.20 83.46 94.66 OK
r-patched-solaris-x86 0.1.0 190.50 NOTE
r-release-linux-x86_64 0.1.0 8.14 73.08 81.22 OK
r-release-windows-ix86+x86_64 0.1.0 19.00 110.00 129.00 OK
r-release-osx-x86_64 0.1.0 NOTE
r-oldrel-windows-ix86+x86_64 0.1.0 17.00 89.00 106.00 OK
r-oldrel-osx-x86_64 0.1.0 NOTE

Check Details

Version: 0.1.0
Check: dependencies in R code
Result: NOTE
    Namespace in Imports field not imported from: ‘nlme’
     All declared Imports should be used.
Flavors: r-devel-linux-x86_64-fedora-clang, r-devel-linux-x86_64-fedora-gcc, r-patched-solaris-x86, r-release-osx-x86_64, r-oldrel-osx-x86_64