CRAN Package Check Results for Package warpMix

Last updated on 2022-07-02 01:49:11 CEST.

Flavor Version Tinstall Tcheck Ttotal Status Flags
r-devel-linux-x86_64-debian-clang 0.1.0 17.45 141.76 159.21 NOTE
r-devel-linux-x86_64-debian-gcc 0.1.0 13.58 102.97 116.55 NOTE
r-devel-linux-x86_64-fedora-clang 0.1.0 191.31 NOTE
r-devel-linux-x86_64-fedora-gcc 0.1.0 200.60 NOTE
r-devel-windows-x86_64 0.1.0 20.00 153.00 173.00 NOTE
r-patched-linux-x86_64 0.1.0 14.48 133.42 147.90 NOTE
r-release-linux-x86_64 0.1.0 16.96 133.68 150.64 NOTE
r-release-macos-arm64 0.1.0 50.00 NOTE
r-release-macos-x86_64 0.1.0 87.00 NOTE
r-release-windows-x86_64 0.1.0 23.00 150.00 173.00 NOTE
r-oldrel-macos-arm64 0.1.0 53.00 NOTE
r-oldrel-macos-x86_64 0.1.0 95.00 NOTE
r-oldrel-windows-ix86+x86_64 0.1.0 37.00 146.00 183.00 NOTE

Check Details

Version: 0.1.0
Check: LazyData
Result: NOTE
     'LazyData' is specified without a 'data' directory
Flavors: r-devel-linux-x86_64-debian-clang, r-devel-linux-x86_64-debian-gcc, r-devel-linux-x86_64-fedora-clang, r-devel-linux-x86_64-fedora-gcc, r-devel-windows-x86_64, r-patched-linux-x86_64, r-release-linux-x86_64, r-release-macos-arm64, r-release-macos-x86_64, r-release-windows-x86_64, r-oldrel-macos-arm64, r-oldrel-macos-x86_64, r-oldrel-windows-ix86+x86_64

Version: 0.1.0
Check: dependencies in R code
Result: NOTE
    Namespace in Imports field not imported from: ‘nlme’
     All declared Imports should be used.
Flavors: r-devel-linux-x86_64-fedora-clang, r-devel-linux-x86_64-fedora-gcc, r-release-macos-arm64, r-release-macos-x86_64, r-oldrel-macos-arm64, r-oldrel-macos-x86_64