CRAN Package Check Results for Package waterquality

Last updated on 2023-06-01 07:57:16 CEST.

Flavor Version Tinstall Tcheck Ttotal Status Flags
r-devel-linux-x86_64-debian-clang 0.3.0 61.61 508.91 570.52 OK
r-devel-linux-x86_64-debian-gcc 0.3.0 45.12 382.64 427.76 OK
r-devel-linux-x86_64-fedora-clang 0.3.0 706.09 NOTE
r-devel-linux-x86_64-fedora-gcc 0.3.0 725.77 NOTE
r-devel-windows-x86_64 0.3.0 47.00 340.00 387.00 OK
r-patched-linux-x86_64 0.3.0 OK
r-release-linux-x86_64 0.3.0 37.78 487.60 525.38 OK
r-release-macos-arm64 0.3.0 173.00 OK
r-release-macos-x86_64 0.3.0 333.00 OK
r-release-windows-x86_64 0.3.0 62.00 443.00 505.00 OK
r-oldrel-macos-arm64 0.3.0 199.00 NOTE
r-oldrel-macos-x86_64 0.3.0 301.00 NOTE
r-oldrel-windows-x86_64 0.3.0 65.00 426.00 491.00 OK

Check Details

Version: 0.3.0
Check: dependencies in R code
Result: NOTE
    Namespaces in Imports field not imported from:
     ‘rgdal’ ‘vctrs’
     All declared Imports should be used.
Flavors: r-devel-linux-x86_64-fedora-clang, r-devel-linux-x86_64-fedora-gcc, r-oldrel-macos-arm64, r-oldrel-macos-x86_64